Last updated on 2022-08-15 08:50:02 CEST.
Flavor | Version | Tinstall | Tcheck | Ttotal | Status | Flags |
---|---|---|---|---|---|---|
r-devel-linux-x86_64-debian-clang | 0.0.3 | 11.35 | 111.63 | 122.98 | OK | |
r-devel-linux-x86_64-debian-gcc | 0.0.3 | 10.08 | 82.68 | 92.76 | OK | |
r-devel-linux-x86_64-fedora-clang | 0.0.3 | 154.17 | NOTE | |||
r-devel-linux-x86_64-fedora-gcc | 0.0.3 | 151.19 | NOTE | |||
r-devel-windows-x86_64 | 0.0.3 | 18.00 | 126.00 | 144.00 | OK | |
r-patched-linux-x86_64 | 0.0.3 | 11.40 | 101.83 | 113.23 | OK | |
r-release-linux-x86_64 | 0.0.3 | 11.88 | 105.53 | 117.41 | OK | |
r-release-macos-arm64 | 0.0.3 | 44.00 | NOTE | |||
r-release-macos-x86_64 | 0.0.3 | 80.00 | NOTE | |||
r-release-windows-x86_64 | 0.0.3 | 17.00 | 127.00 | 144.00 | OK | |
r-oldrel-macos-arm64 | 0.0.3 | 46.00 | NOTE | |||
r-oldrel-macos-x86_64 | 0.0.3 | 68.00 | NOTE | |||
r-oldrel-windows-ix86+x86_64 | 0.0.3 | 30.00 | 129.00 | 159.00 | OK |
Version: 0.0.3
Check: dependencies in R code
Result: NOTE
Namespace in Imports field not imported from: ‘xgboost’
All declared Imports should be used.
Flavors: r-devel-linux-x86_64-fedora-clang, r-devel-linux-x86_64-fedora-gcc, r-release-macos-arm64, r-release-macos-x86_64, r-oldrel-macos-arm64, r-oldrel-macos-x86_64