Last updated on 2022-08-15 08:50:02 CEST.
Flavor | Version | Tinstall | Tcheck | Ttotal | Status | Flags |
---|---|---|---|---|---|---|
r-devel-linux-x86_64-debian-clang | 0.2.0 | 2.34 | 40.26 | 42.60 | NOTE | |
r-devel-linux-x86_64-debian-gcc | 0.2.0 | 2.11 | 31.83 | 33.94 | NOTE | |
r-devel-linux-x86_64-fedora-clang | 0.2.0 | 62.35 | NOTE | |||
r-devel-linux-x86_64-fedora-gcc | 0.2.0 | 60.23 | NOTE | |||
r-devel-windows-x86_64 | 0.2.0 | 13.00 | 99.00 | 112.00 | NOTE | |
r-patched-linux-x86_64 | 0.2.0 | 6.25 | 39.49 | 45.74 | NOTE | |
r-release-linux-x86_64 | 0.2.0 | 2.48 | 39.15 | 41.63 | NOTE | |
r-release-macos-arm64 | 0.2.0 | 78.00 | NOTE | |||
r-release-macos-x86_64 | 0.2.0 | 87.00 | NOTE | |||
r-release-windows-x86_64 | 0.2.0 | 10.00 | 102.00 | 112.00 | NOTE | |
r-oldrel-macos-arm64 | 0.2.0 | 78.00 | NOTE | |||
r-oldrel-macos-x86_64 | 0.2.0 | 79.00 | NOTE | |||
r-oldrel-windows-ix86+x86_64 | 0.2.0 | 6.00 | 96.00 | 102.00 | NOTE |
Version: 0.2.0
Check: LazyData
Result: NOTE
'LazyData' is specified without a 'data' directory
Flavors: r-devel-linux-x86_64-debian-clang, r-devel-linux-x86_64-debian-gcc, r-devel-linux-x86_64-fedora-clang, r-devel-linux-x86_64-fedora-gcc, r-devel-windows-x86_64, r-patched-linux-x86_64, r-release-linux-x86_64, r-release-macos-arm64, r-release-macos-x86_64, r-release-windows-x86_64, r-oldrel-macos-arm64, r-oldrel-macos-x86_64, r-oldrel-windows-ix86+x86_64