Last updated on 2022-08-15 08:50:02 CEST.
Flavor | Version | Tinstall | Tcheck | Ttotal | Status | Flags |
---|---|---|---|---|---|---|
r-devel-linux-x86_64-debian-clang | 1.0.1 | 2.34 | 24.70 | 27.04 | OK | |
r-devel-linux-x86_64-debian-gcc | 1.0.1 | 1.89 | 19.59 | 21.48 | OK | |
r-devel-linux-x86_64-fedora-clang | 1.0.1 | 43.63 | NOTE | |||
r-devel-linux-x86_64-fedora-gcc | 1.0.1 | 42.86 | NOTE | |||
r-devel-windows-x86_64 | 1.0.1 | 14.00 | 50.00 | 64.00 | OK | |
r-patched-linux-x86_64 | 1.0.1 | 2.22 | 24.45 | 26.67 | OK | |
r-release-linux-x86_64 | 1.0.1 | 2.44 | 23.99 | 26.43 | OK | |
r-release-macos-arm64 | 1.0.1 | 18.00 | NOTE | |||
r-release-macos-x86_64 | 1.0.1 | 22.00 | NOTE | |||
r-release-windows-x86_64 | 1.0.1 | 14.00 | 52.00 | 66.00 | OK | |
r-oldrel-macos-arm64 | 1.0.1 | 17.00 | NOTE | |||
r-oldrel-macos-x86_64 | 1.0.1 | 22.00 | NOTE | |||
r-oldrel-windows-ix86+x86_64 | 1.0.1 | 6.00 | 46.00 | 52.00 | OK |
Version: 1.0.1
Check: data for non-ASCII characters
Result: NOTE
Note: found 1 marked UTF-8 string
Flavors: r-devel-linux-x86_64-fedora-clang, r-devel-linux-x86_64-fedora-gcc, r-release-macos-arm64, r-release-macos-x86_64, r-oldrel-macos-arm64, r-oldrel-macos-x86_64