Last updated on 2022-08-15 08:50:02 CEST.
Flavor | Version | Tinstall | Tcheck | Ttotal | Status | Flags |
---|---|---|---|---|---|---|
r-devel-linux-x86_64-debian-clang | 1.0.11 | 14.11 | 114.74 | 128.85 | NOTE | |
r-devel-linux-x86_64-debian-gcc | 1.0.11 | 11.21 | 83.86 | 95.07 | NOTE | |
r-devel-linux-x86_64-fedora-clang | 1.0.11 | 158.01 | NOTE | |||
r-devel-linux-x86_64-fedora-gcc | 1.0.11 | 171.48 | NOTE | |||
r-devel-windows-x86_64 | 1.0.11 | 30.00 | 130.00 | 160.00 | NOTE | |
r-patched-linux-x86_64 | 1.0.11 | 11.27 | 106.98 | 118.25 | OK | |
r-release-linux-x86_64 | 1.0.11 | 11.26 | 104.30 | 115.56 | OK | |
r-release-macos-arm64 | 1.0.11 | 44.00 | OK | |||
r-release-macos-x86_64 | 1.0.11 | 72.00 | OK | |||
r-release-windows-x86_64 | 1.0.11 | 23.00 | 137.00 | 160.00 | OK | |
r-oldrel-macos-arm64 | 1.0.11 | 55.00 | OK | |||
r-oldrel-macos-x86_64 | 1.0.11 | 56.00 | OK | |||
r-oldrel-windows-ix86+x86_64 | 1.0.11 | 32.00 | 128.00 | 160.00 | OK |
Version: 1.0.11
Check: package subdirectories
Result: NOTE
Problems with news in 'NEWS.md':
No news entries found.
Flavors: r-devel-linux-x86_64-debian-clang, r-devel-linux-x86_64-debian-gcc, r-devel-linux-x86_64-fedora-clang, r-devel-linux-x86_64-fedora-gcc, r-devel-windows-x86_64