Last updated on 2022-08-15 08:50:02 CEST.
Flavor | Version | Tinstall | Tcheck | Ttotal | Status | Flags |
---|---|---|---|---|---|---|
r-devel-linux-x86_64-debian-clang | 0.2.0 | 8.10 | 63.06 | 71.16 | NOTE | |
r-devel-linux-x86_64-debian-gcc | 0.2.0 | 5.03 | 47.98 | 53.01 | NOTE | |
r-devel-linux-x86_64-fedora-clang | 0.2.0 | 92.30 | NOTE | |||
r-devel-linux-x86_64-fedora-gcc | 0.2.0 | 91.75 | NOTE | |||
r-devel-windows-x86_64 | 0.2.0 | 9.00 | 80.00 | 89.00 | NOTE | |
r-patched-linux-x86_64 | 0.2.0 | 8.20 | 59.90 | 68.10 | NOTE | |
r-release-linux-x86_64 | 0.2.0 | 7.11 | 59.13 | 66.24 | NOTE | |
r-release-macos-arm64 | 0.2.0 | 26.00 | NOTE | |||
r-release-macos-x86_64 | 0.2.0 | 39.00 | NOTE | |||
r-release-windows-x86_64 | 0.2.0 | 13.00 | 83.00 | 96.00 | NOTE | |
r-oldrel-macos-arm64 | 0.2.0 | 38.00 | NOTE | |||
r-oldrel-macos-x86_64 | 0.2.0 | 56.00 | NOTE | |||
r-oldrel-windows-ix86+x86_64 | 0.2.0 | 17.00 | 81.00 | 98.00 | NOTE |
Version: 0.2.0
Check: LazyData
Result: NOTE
'LazyData' is specified without a 'data' directory
Flavors: r-devel-linux-x86_64-debian-clang, r-devel-linux-x86_64-debian-gcc, r-devel-linux-x86_64-fedora-clang, r-devel-linux-x86_64-fedora-gcc, r-devel-windows-x86_64, r-patched-linux-x86_64, r-release-linux-x86_64, r-release-macos-arm64, r-release-macos-x86_64, r-release-windows-x86_64, r-oldrel-macos-arm64, r-oldrel-macos-x86_64, r-oldrel-windows-ix86+x86_64