Last updated on 2022-08-15 08:50:02 CEST.
Flavor | Version | Tinstall | Tcheck | Ttotal | Status | Flags |
---|---|---|---|---|---|---|
r-devel-linux-x86_64-debian-clang | 1.0.1 | 35.33 | 46.02 | 81.35 | OK | |
r-devel-linux-x86_64-debian-gcc | 1.0.1 | 33.44 | 35.73 | 69.17 | OK | |
r-devel-linux-x86_64-fedora-clang | 1.0.1 | 133.96 | NOTE | |||
r-devel-linux-x86_64-fedora-gcc | 1.0.1 | 117.36 | NOTE | |||
r-devel-windows-x86_64 | 1.0.1 | 52.00 | 92.00 | 144.00 | OK | |
r-patched-linux-x86_64 | 1.0.1 | 37.40 | 44.08 | 81.48 | OK | |
r-release-linux-x86_64 | 1.0.1 | 35.94 | 44.57 | 80.51 | OK | |
r-release-macos-arm64 | 1.0.1 | 34.00 | NOTE | |||
r-release-macos-x86_64 | 1.0.1 | 48.00 | NOTE | |||
r-release-windows-x86_64 | 1.0.1 | 75.00 | 97.00 | 172.00 | OK | |
r-oldrel-macos-arm64 | 1.0.1 | 34.00 | NOTE | |||
r-oldrel-macos-x86_64 | 1.0.1 | 45.00 | NOTE | |||
r-oldrel-windows-ix86+x86_64 | 1.0.1 | 104.00 | 102.00 | 206.00 | OK |
Version: 1.0.1
Check: dependencies in R code
Result: NOTE
Namespace in Imports field not imported from: ‘pedtools’
All declared Imports should be used.
Flavors: r-devel-linux-x86_64-fedora-clang, r-devel-linux-x86_64-fedora-gcc, r-release-macos-arm64, r-release-macos-x86_64, r-oldrel-macos-arm64, r-oldrel-macos-x86_64