Last updated on 2022-08-15 08:50:02 CEST.
Flavor | Version | Tinstall | Tcheck | Ttotal | Status | Flags |
---|---|---|---|---|---|---|
r-devel-linux-x86_64-debian-clang | 0.2.1 | 3.29 | 34.48 | 37.77 | NOTE | |
r-devel-linux-x86_64-debian-gcc | 0.2.1 | 1.77 | 26.42 | 28.19 | NOTE | |
r-devel-linux-x86_64-fedora-clang | 0.2.1 | 54.83 | NOTE | |||
r-devel-linux-x86_64-fedora-gcc | 0.2.1 | 52.11 | NOTE | |||
r-devel-windows-x86_64 | 0.2.1 | 23.00 | 60.00 | 83.00 | NOTE | |
r-patched-linux-x86_64 | 0.2.1 | 3.21 | 33.02 | 36.23 | NOTE | |
r-release-linux-x86_64 | 0.2.1 | 2.96 | 33.18 | 36.14 | NOTE | |
r-release-macos-arm64 | 0.2.1 | 22.00 | NOTE | |||
r-release-macos-x86_64 | 0.2.1 | 36.00 | NOTE | |||
r-release-windows-x86_64 | 0.2.1 | 6.00 | 65.00 | 71.00 | NOTE | |
r-oldrel-macos-arm64 | 0.2.1 | 27.00 | NOTE | |||
r-oldrel-macos-x86_64 | 0.2.1 | 35.00 | NOTE | |||
r-oldrel-windows-ix86+x86_64 | 0.2.1 | 8.00 | 57.00 | 65.00 | NOTE |
Version: 0.2.1
Check: LazyData
Result: NOTE
'LazyData' is specified without a 'data' directory
Flavors: r-devel-linux-x86_64-debian-clang, r-devel-linux-x86_64-debian-gcc, r-devel-linux-x86_64-fedora-clang, r-devel-linux-x86_64-fedora-gcc, r-devel-windows-x86_64, r-patched-linux-x86_64, r-release-linux-x86_64, r-release-macos-arm64, r-release-macos-x86_64, r-release-windows-x86_64, r-oldrel-macos-arm64, r-oldrel-macos-x86_64, r-oldrel-windows-ix86+x86_64