Last updated on 2022-08-15 08:50:02 CEST.
Flavor | Version | Tinstall | Tcheck | Ttotal | Status | Flags |
---|---|---|---|---|---|---|
r-devel-linux-x86_64-debian-clang | 0.1.2 | 5.03 | 58.52 | 63.55 | NOTE | |
r-devel-linux-x86_64-debian-gcc | 0.1.2 | 4.09 | 43.52 | 47.61 | NOTE | |
r-devel-linux-x86_64-fedora-clang | 0.1.2 | 83.71 | NOTE | |||
r-devel-linux-x86_64-fedora-gcc | 0.1.2 | 81.24 | NOTE | |||
r-devel-windows-x86_64 | 0.1.2 | 17.00 | 81.00 | 98.00 | NOTE | |
r-patched-linux-x86_64 | 0.1.2 | 4.60 | 54.61 | 59.21 | NOTE | |
r-release-linux-x86_64 | 0.1.2 | 5.32 | 54.75 | 60.07 | NOTE | |
r-release-macos-arm64 | 0.1.2 | 27.00 | NOTE | |||
r-release-macos-x86_64 | 0.1.2 | 49.00 | NOTE | |||
r-release-windows-x86_64 | 0.1.2 | 16.00 | 85.00 | 101.00 | NOTE | |
r-oldrel-macos-arm64 | 0.1.2 | 31.00 | NOTE | |||
r-oldrel-macos-x86_64 | 0.1.2 | 44.00 | NOTE | |||
r-oldrel-windows-ix86+x86_64 | 0.1.2 | 14.00 | 73.00 | 87.00 | NOTE |
Version: 0.1.2
Check: LazyData
Result: NOTE
'LazyData' is specified without a 'data' directory
Flavors: r-devel-linux-x86_64-debian-clang, r-devel-linux-x86_64-debian-gcc, r-devel-linux-x86_64-fedora-clang, r-devel-linux-x86_64-fedora-gcc, r-devel-windows-x86_64, r-patched-linux-x86_64, r-release-linux-x86_64, r-release-macos-arm64, r-release-macos-x86_64, r-release-windows-x86_64, r-oldrel-macos-arm64, r-oldrel-macos-x86_64, r-oldrel-windows-ix86+x86_64
Version: 0.1.2
Check: Rd cross-references
Result: NOTE
Undeclared packages ‘ensurer’, ‘validate’ in Rd xrefs
Flavor: r-devel-linux-x86_64-fedora-clang