Last updated on 2022-08-15 08:50:02 CEST.
Flavor | Version | Tinstall | Tcheck | Ttotal | Status | Flags |
---|---|---|---|---|---|---|
r-devel-linux-x86_64-debian-clang | 0.5.6 | 11.34 | 158.13 | 169.47 | OK | |
r-devel-linux-x86_64-debian-gcc | 0.5.6 | 10.08 | 116.68 | 126.76 | OK | |
r-devel-linux-x86_64-fedora-clang | 0.5.6 | 212.22 | NOTE | |||
r-devel-linux-x86_64-fedora-gcc | 0.5.6 | 216.63 | NOTE | |||
r-devel-windows-x86_64 | 0.5.6 | 41.00 | 241.00 | 282.00 | OK | |
r-patched-linux-x86_64 | 0.5.6 | 18.89 | 152.53 | 171.42 | OK | |
r-release-linux-x86_64 | 0.5.6 | 12.00 | 150.24 | 162.24 | OK | |
r-release-macos-arm64 | 0.5.6 | 463.00 | NOTE | |||
r-release-macos-x86_64 | 0.5.6 | 498.00 | NOTE | |||
r-release-windows-x86_64 | 0.5.6 | 39.00 | 238.00 | 277.00 | OK | |
r-oldrel-macos-arm64 | 0.5.6 | 469.00 | NOTE | |||
r-oldrel-macos-x86_64 | 0.5.6 | 497.00 | NOTE | |||
r-oldrel-windows-ix86+x86_64 | 0.5.6 | 31.00 | 249.00 | 280.00 | OK |
Version: 0.5.6
Check: dependencies in R code
Result: NOTE
Namespace in Imports field not imported from: ‘httr’
All declared Imports should be used.
Flavors: r-devel-linux-x86_64-fedora-clang, r-devel-linux-x86_64-fedora-gcc, r-release-macos-arm64, r-release-macos-x86_64, r-oldrel-macos-arm64, r-oldrel-macos-x86_64
Version: 0.5.6
Check: data for non-ASCII characters
Result: NOTE
Note: found 7 marked UTF-8 strings
Flavors: r-devel-linux-x86_64-fedora-clang, r-devel-linux-x86_64-fedora-gcc, r-release-macos-arm64, r-release-macos-x86_64, r-oldrel-macos-arm64, r-oldrel-macos-x86_64