Last updated on 2022-08-15 08:50:02 CEST.
Flavor | Version | Tinstall | Tcheck | Ttotal | Status | Flags |
---|---|---|---|---|---|---|
r-devel-linux-x86_64-debian-clang | 0.1.1 | 38.81 | 383.95 | 422.76 | OK | |
r-devel-linux-x86_64-debian-gcc | 0.1.1 | 32.27 | 280.17 | 312.44 | OK | |
r-devel-linux-x86_64-fedora-clang | 0.1.1 | 501.98 | NOTE | |||
r-devel-linux-x86_64-fedora-gcc | 0.1.1 | 554.65 | OK | |||
r-devel-windows-x86_64 | 0.1.1 | 105.00 | 402.00 | 507.00 | NOTE | |
r-patched-linux-x86_64 | 0.1.1 | 40.16 | 363.11 | 403.27 | OK | |
r-release-linux-x86_64 | 0.1.1 | 36.50 | 370.54 | 407.04 | OK | |
r-release-macos-arm64 | 0.1.1 | 103.00 | NOTE | |||
r-release-macos-x86_64 | 0.1.1 | 196.00 | NOTE | |||
r-release-windows-x86_64 | 0.1.1 | 126.00 | 414.00 | 540.00 | NOTE | |
r-oldrel-macos-arm64 | 0.1.1 | 81.00 | NOTE | |||
r-oldrel-macos-x86_64 | 0.1.1 | 117.00 | NOTE | |||
r-oldrel-windows-ix86+x86_64 | 0.1.1 | 1.00 | 17.00 | 18.00 | ERROR |
Version: 0.1.1
Check: installed package size
Result: NOTE
installed size is 6.2Mb
sub-directories of 1Mb or more:
R 1.5Mb
test_files 4.2Mb
Flavors: r-devel-linux-x86_64-fedora-clang, r-devel-windows-x86_64, r-release-macos-arm64, r-release-macos-x86_64, r-release-windows-x86_64, r-oldrel-macos-arm64, r-oldrel-macos-x86_64
Version: 0.1.1
Check: whether package can be installed
Result: ERROR
Installation failed.
Flavor: r-oldrel-windows-ix86+x86_64