Last updated on 2022-08-15 08:50:02 CEST.
Flavor | Version | Tinstall | Tcheck | Ttotal | Status | Flags |
---|---|---|---|---|---|---|
r-devel-linux-x86_64-debian-clang | 0.0.1 | 7.65 | 66.70 | 74.35 | OK | |
r-devel-linux-x86_64-debian-gcc | 0.0.1 | 6.15 | 49.29 | 55.44 | OK | |
r-devel-linux-x86_64-fedora-clang | 0.0.1 | 96.30 | NOTE | |||
r-devel-linux-x86_64-fedora-gcc | 0.0.1 | 102.22 | NOTE | |||
r-devel-windows-x86_64 | 0.0.1 | 19.00 | 87.00 | 106.00 | OK | |
r-patched-linux-x86_64 | 0.0.1 | 6.73 | 61.64 | 68.37 | OK | |
r-release-linux-x86_64 | 0.0.1 | 7.01 | 61.87 | 68.88 | OK | |
r-release-macos-arm64 | 0.0.1 | 29.00 | NOTE | |||
r-release-macos-x86_64 | 0.0.1 | 39.00 | NOTE | |||
r-release-windows-x86_64 | 0.0.1 | 11.00 | 87.00 | 98.00 | OK | |
r-oldrel-macos-arm64 | 0.0.1 | 26.00 | NOTE | |||
r-oldrel-macos-x86_64 | 0.0.1 | 39.00 | NOTE | |||
r-oldrel-windows-ix86+x86_64 | 0.0.1 | 19.00 | 81.00 | 100.00 | OK |
Version: 0.0.1
Check: data for non-ASCII characters
Result: NOTE
Note: found 4 marked UTF-8 strings
Flavors: r-devel-linux-x86_64-fedora-clang, r-devel-linux-x86_64-fedora-gcc, r-release-macos-arm64, r-release-macos-x86_64, r-oldrel-macos-arm64, r-oldrel-macos-x86_64