Last updated on 2022-08-15 08:50:02 CEST.
Flavor | Version | Tinstall | Tcheck | Ttotal | Status | Flags |
---|---|---|---|---|---|---|
r-devel-linux-x86_64-debian-clang | 0.5.0 | 17.80 | 131.79 | 149.59 | OK | |
r-devel-linux-x86_64-debian-gcc | 0.5.0 | 13.33 | 97.54 | 110.87 | OK | |
r-devel-linux-x86_64-fedora-clang | 0.5.0 | 184.18 | NOTE | |||
r-devel-linux-x86_64-fedora-gcc | 0.5.0 | 189.62 | NOTE | |||
r-devel-windows-x86_64 | 0.5.0 | 27.00 | 141.00 | 168.00 | OK | |
r-patched-linux-x86_64 | 0.5.0 | 17.05 | 123.73 | 140.78 | OK | |
r-release-linux-x86_64 | 0.5.0 | 14.78 | 124.17 | 138.95 | OK | |
r-release-macos-arm64 | 0.5.0 | 48.00 | NOTE | |||
r-release-macos-x86_64 | 0.5.0 | 88.00 | NOTE | |||
r-release-windows-x86_64 | 0.5.0 | 28.00 | 140.00 | 168.00 | OK | |
r-oldrel-macos-arm64 | 0.5.0 | 52.00 | NOTE | |||
r-oldrel-macos-x86_64 | 0.5.0 | 74.00 | NOTE | |||
r-oldrel-windows-ix86+x86_64 | 0.5.0 | 35.00 | 140.00 | 175.00 | OK |
Version: 0.5.0
Check: dependencies in R code
Result: NOTE
Namespaces in Imports field not imported from:
‘RColorBrewer’ ‘graphics’
All declared Imports should be used.
Flavors: r-devel-linux-x86_64-fedora-clang, r-devel-linux-x86_64-fedora-gcc, r-release-macos-arm64, r-release-macos-x86_64, r-oldrel-macos-arm64, r-oldrel-macos-x86_64