Last updated on 2022-08-15 08:50:02 CEST.
Flavor | Version | Tinstall | Tcheck | Ttotal | Status | Flags |
---|---|---|---|---|---|---|
r-devel-linux-x86_64-debian-clang | 1.0.1 | 3.53 | 30.04 | 33.57 | NOTE | |
r-devel-linux-x86_64-debian-gcc | 1.0.1 | 2.90 | 23.58 | 26.48 | NOTE | |
r-devel-linux-x86_64-fedora-clang | 1.0.1 | 53.26 | NOTE | |||
r-devel-linux-x86_64-fedora-gcc | 1.0.1 | 51.18 | NOTE | |||
r-devel-windows-x86_64 | 1.0.1 | 19.00 | 57.00 | 76.00 | OK | |
r-patched-linux-x86_64 | 1.0.1 | 3.66 | 28.67 | 32.33 | NOTE | |
r-release-linux-x86_64 | 1.0.1 | 3.05 | 28.93 | 31.98 | NOTE | |
r-release-macos-arm64 | 1.0.1 | 18.00 | OK | |||
r-release-macos-x86_64 | 1.0.1 | 31.00 | NOTE | |||
r-release-windows-x86_64 | 1.0.1 | 12.00 | 58.00 | 70.00 | OK | |
r-oldrel-macos-arm64 | 1.0.1 | 22.00 | NOTE | |||
r-oldrel-macos-x86_64 | 1.0.1 | 26.00 | OK | |||
r-oldrel-windows-ix86+x86_64 | 1.0.1 | 11.00 | 59.00 | 70.00 | OK |
Version: 1.0.1
Check: package dependencies
Result: NOTE
Package suggested but not available for checking: 'morse'
Flavors: r-devel-linux-x86_64-debian-clang, r-devel-linux-x86_64-debian-gcc, r-devel-linux-x86_64-fedora-clang, r-devel-linux-x86_64-fedora-gcc, r-patched-linux-x86_64, r-release-linux-x86_64, r-release-macos-x86_64, r-oldrel-macos-arm64