Last updated on 2022-08-15 08:50:02 CEST.
Flavor | Version | Tinstall | Tcheck | Ttotal | Status | Flags |
---|---|---|---|---|---|---|
r-devel-linux-x86_64-debian-clang | 0.0.4 | 24.25 | 39.69 | 63.94 | NOTE | |
r-devel-linux-x86_64-debian-gcc | 0.0.4 | 19.13 | 30.51 | 49.64 | NOTE | |
r-devel-linux-x86_64-fedora-clang | 0.0.4 | 96.79 | NOTE | |||
r-devel-linux-x86_64-fedora-gcc | 0.0.4 | 88.51 | NOTE | |||
r-devel-windows-x86_64 | 0.0.4 | 57.00 | 83.00 | 140.00 | NOTE | |
r-patched-linux-x86_64 | 0.0.4 | 20.16 | 37.59 | 57.75 | NOTE | |
r-release-linux-x86_64 | 0.0.4 | 20.94 | 38.30 | 59.24 | NOTE | |
r-release-macos-arm64 | 0.0.4 | 27.00 | NOTE | |||
r-release-macos-x86_64 | 0.0.4 | 38.00 | NOTE | |||
r-release-windows-x86_64 | 0.0.4 | 65.00 | 86.00 | 151.00 | NOTE | |
r-oldrel-macos-arm64 | 0.0.4 | 32.00 | NOTE | |||
r-oldrel-macos-x86_64 | 0.0.4 | 40.00 | NOTE | |||
r-oldrel-windows-ix86+x86_64 | 0.0.4 | 56.00 | 84.00 | 140.00 | NOTE |
Version: 0.0.4
Check: LazyData
Result: NOTE
'LazyData' is specified without a 'data' directory
Flavors: r-devel-linux-x86_64-debian-clang, r-devel-linux-x86_64-debian-gcc, r-devel-linux-x86_64-fedora-clang, r-devel-linux-x86_64-fedora-gcc, r-devel-windows-x86_64, r-patched-linux-x86_64, r-release-linux-x86_64, r-release-macos-arm64, r-release-macos-x86_64, r-release-windows-x86_64, r-oldrel-macos-arm64, r-oldrel-macos-x86_64, r-oldrel-windows-ix86+x86_64