Last updated on 2022-08-15 08:50:02 CEST.
Flavor | Version | Tinstall | Tcheck | Ttotal | Status | Flags |
---|---|---|---|---|---|---|
r-devel-linux-x86_64-debian-clang | 0.1.0 | 45.67 | 29.39 | 75.06 | OK | |
r-devel-linux-x86_64-debian-gcc | 0.1.0 | 37.34 | 23.01 | 60.35 | OK | |
r-devel-linux-x86_64-fedora-clang | 0.1.0 | 113.49 | OK | |||
r-devel-linux-x86_64-fedora-gcc | 0.1.0 | 107.03 | OK | |||
r-devel-windows-x86_64 | 0.1.0 | 41.00 | 73.00 | 114.00 | OK | |
r-patched-linux-x86_64 | 0.1.0 | 40.76 | 27.32 | 68.08 | OK | |
r-release-linux-x86_64 | 0.1.0 | 41.72 | 27.88 | 69.60 | OK | |
r-release-macos-arm64 | 0.1.0 | 31.00 | OK | |||
r-release-macos-x86_64 | 0.1.0 | 38.00 | OK | |||
r-release-windows-x86_64 | 0.1.0 | 42.00 | 76.00 | 118.00 | OK | |
r-oldrel-macos-arm64 | 0.1.0 | 34.00 | NOTE | |||
r-oldrel-macos-x86_64 | 0.1.0 | 38.00 | OK | |||
r-oldrel-windows-ix86+x86_64 | 0.1.0 | 105.00 | 73.00 | 178.00 | OK |
Version: 0.1.0
Check: installed package size
Result: NOTE
installed size is 5.0Mb
sub-directories of 1Mb or more:
libs 4.9Mb
Flavor: r-oldrel-macos-arm64