Last updated on 2022-08-15 08:50:02 CEST.
Flavor | Version | Tinstall | Tcheck | Ttotal | Status | Flags |
---|---|---|---|---|---|---|
r-devel-linux-x86_64-debian-clang | 1.0.6 | 19.32 | 204.36 | 223.68 | OK | |
r-devel-linux-x86_64-debian-gcc | 1.0.6 | 16.96 | 148.38 | 165.34 | OK | |
r-devel-linux-x86_64-fedora-clang | 1.0.6 | 276.80 | NOTE | |||
r-devel-linux-x86_64-fedora-gcc | 1.0.6 | 287.53 | NOTE | |||
r-devel-windows-x86_64 | 1.0.6 | 33.00 | 249.00 | 282.00 | OK | |
r-patched-linux-x86_64 | 1.0.6 | 19.59 | 192.83 | 212.42 | OK | |
r-release-linux-x86_64 | 1.0.6 | 20.20 | 194.83 | 215.03 | OK | |
r-release-macos-arm64 | 1.0.6 | 108.00 | NOTE | |||
r-release-macos-x86_64 | 1.0.6 | 148.00 | NOTE | |||
r-release-windows-x86_64 | 1.0.6 | 31.00 | 266.00 | 297.00 | OK | |
r-oldrel-macos-arm64 | 1.0.6 | 108.00 | NOTE | |||
r-oldrel-macos-x86_64 | 1.0.6 | 142.00 | NOTE | |||
r-oldrel-windows-ix86+x86_64 | 1.0.6 | 45.00 | 263.00 | 308.00 | OK |
Version: 1.0.6
Check: dependencies in R code
Result: NOTE
Namespace in Imports field not imported from: ‘reshape2’
All declared Imports should be used.
Flavors: r-devel-linux-x86_64-fedora-clang, r-devel-linux-x86_64-fedora-gcc, r-release-macos-arm64, r-release-macos-x86_64, r-oldrel-macos-arm64, r-oldrel-macos-x86_64