Last updated on 2022-08-15 08:50:02 CEST.
Flavor | Version | Tinstall | Tcheck | Ttotal | Status | Flags |
---|---|---|---|---|---|---|
r-devel-linux-x86_64-debian-clang | 0.0.1 | 5.19 | 39.37 | 44.56 | OK | |
r-devel-linux-x86_64-debian-gcc | 0.0.1 | 3.96 | 30.15 | 34.11 | OK | |
r-devel-linux-x86_64-fedora-clang | 0.0.1 | 64.25 | NOTE | |||
r-devel-linux-x86_64-fedora-gcc | 0.0.1 | 62.14 | NOTE | |||
r-devel-windows-x86_64 | 0.0.1 | 11.00 | 61.00 | 72.00 | OK | |
r-patched-linux-x86_64 | 0.0.1 | 4.61 | 37.78 | 42.39 | OK | |
r-release-linux-x86_64 | 0.0.1 | 4.70 | 36.91 | 41.61 | OK | |
r-release-macos-arm64 | 0.0.1 | 17.00 | NOTE | |||
r-release-macos-x86_64 | 0.0.1 | 29.00 | NOTE | |||
r-release-windows-x86_64 | 0.0.1 | 12.00 | 63.00 | 75.00 | OK | |
r-oldrel-macos-arm64 | 0.0.1 | 24.00 | NOTE | |||
r-oldrel-macos-x86_64 | 0.0.1 | 33.00 | NOTE | |||
r-oldrel-windows-ix86+x86_64 | 0.0.1 | 11.00 | 55.00 | 66.00 | OK |
Version: 0.0.1
Check: data for non-ASCII characters
Result: NOTE
Note: found 842 marked UTF-8 strings
Flavors: r-devel-linux-x86_64-fedora-clang, r-devel-linux-x86_64-fedora-gcc, r-release-macos-arm64, r-release-macos-x86_64, r-oldrel-macos-arm64, r-oldrel-macos-x86_64