Last updated on 2022-08-15 08:50:02 CEST.
Flavor | Version | Tinstall | Tcheck | Ttotal | Status | Flags |
---|---|---|---|---|---|---|
r-devel-linux-x86_64-debian-clang | 1.3.1 | 59.12 | 76.91 | 136.03 | OK | |
r-devel-linux-x86_64-debian-gcc | 1.3.1 | 43.25 | 59.12 | 102.37 | OK | |
r-devel-linux-x86_64-fedora-clang | 1.3.1 | 180.14 | NOTE | |||
r-devel-linux-x86_64-fedora-gcc | 1.3.1 | 168.06 | NOTE | |||
r-devel-windows-x86_64 | 1.3.1 | 53.00 | 114.00 | 167.00 | OK | |
r-patched-linux-x86_64 | 1.3.1 | 47.81 | 73.46 | 121.27 | OK | |
r-release-linux-x86_64 | 1.3.1 | 39.55 | 74.21 | 113.76 | OK | |
r-release-macos-arm64 | 1.3.1 | 46.00 | OK | |||
r-release-macos-x86_64 | 1.3.1 | 62.00 | OK | |||
r-release-windows-x86_64 | 1.3.1 | 58.00 | 118.00 | 176.00 | OK | |
r-oldrel-macos-arm64 | 1.3.1 | 52.00 | OK | |||
r-oldrel-macos-x86_64 | 1.3.1 | 72.00 | OK | |||
r-oldrel-windows-ix86+x86_64 | 1.3.1 | 135.00 | 140.00 | 275.00 | OK |
Version: 1.3.1
Check: compiled code
Result: NOTE
File ‘onlinePCA/libs/onlinePCA.so’:
Found no calls to: ‘R_registerRoutines’, ‘R_useDynamicSymbols’
It is good practice to register native routines and to disable symbol
search.
See ‘Writing portable packages’ in the ‘Writing R Extensions’ manual.
Flavors: r-devel-linux-x86_64-fedora-clang, r-devel-linux-x86_64-fedora-gcc