Last updated on 2022-08-15 08:50:02 CEST.
Flavor | Version | Tinstall | Tcheck | Ttotal | Status | Flags |
---|---|---|---|---|---|---|
r-devel-linux-x86_64-debian-clang | 2.2.4 | 180.25 | 507.66 | 687.91 | NOTE | |
r-devel-linux-x86_64-debian-gcc | 2.2.4 | 140.28 | 372.52 | 512.80 | NOTE | |
r-devel-linux-x86_64-fedora-clang | 2.2.4 | 851.48 | NOTE | |||
r-devel-linux-x86_64-fedora-gcc | 2.2.4 | 869.49 | NOTE | |||
r-devel-windows-x86_64 | 2.2.4 | 157.00 | 513.00 | 670.00 | NOTE | |
r-patched-linux-x86_64 | 2.2.4 | 157.59 | 486.70 | 644.29 | NOTE | |
r-release-linux-x86_64 | 2.2.4 | 151.48 | 482.28 | 633.76 | NOTE | |
r-release-macos-arm64 | 2.2.4 | 210.00 | NOTE | |||
r-release-macos-x86_64 | 2.2.4 | 258.00 | NOTE | |||
r-release-windows-x86_64 | 2.2.4 | 154.00 | 522.00 | 676.00 | NOTE | |
r-oldrel-macos-arm64 | 2.2.4 | 189.00 | NOTE | |||
r-oldrel-macos-x86_64 | 2.2.4 | 254.00 | NOTE | |||
r-oldrel-windows-ix86+x86_64 | 2.2.4 | 424.00 | 703.00 | 1127.00 | NOTE |
Version: 2.2.4
Check: for GNU extensions in Makefiles
Result: NOTE
GNU make is a SystemRequirements.
Flavors: r-devel-linux-x86_64-debian-clang, r-devel-linux-x86_64-debian-gcc, r-devel-linux-x86_64-fedora-clang, r-devel-linux-x86_64-fedora-gcc, r-devel-windows-x86_64, r-patched-linux-x86_64, r-release-linux-x86_64, r-release-macos-arm64, r-release-macos-x86_64, r-release-windows-x86_64, r-oldrel-macos-arm64, r-oldrel-macos-x86_64, r-oldrel-windows-ix86+x86_64
Version: 2.2.4
Check: installed package size
Result: NOTE
installed size is 6.4Mb
sub-directories of 1Mb or more:
exampledata 1.5Mb
libs 3.6Mb
Flavors: r-release-macos-arm64, r-release-macos-x86_64, r-oldrel-macos-arm64, r-oldrel-macos-x86_64, r-oldrel-windows-ix86+x86_64