Last updated on 2022-08-15 08:50:02 CEST.
Flavor | Version | Tinstall | Tcheck | Ttotal | Status | Flags |
---|---|---|---|---|---|---|
r-devel-linux-x86_64-debian-clang | 0.2-7 | 2.61 | 48.64 | 51.25 | NOTE | |
r-devel-linux-x86_64-debian-gcc | 0.2-7 | 3.52 | 36.97 | 40.49 | NOTE | |
r-devel-linux-x86_64-fedora-clang | 0.2-7 | 70.23 | NOTE | |||
r-devel-linux-x86_64-fedora-gcc | 0.2-7 | 74.52 | NOTE | |||
r-devel-windows-x86_64 | 0.2-7 | 6.00 | 64.00 | 70.00 | NOTE | |
r-patched-linux-x86_64 | 0.2-7 | 3.62 | 47.30 | 50.92 | NOTE | |
r-release-linux-x86_64 | 0.2-7 | 4.18 | 48.11 | 52.29 | NOTE | |
r-release-macos-arm64 | 0.2-7 | 26.00 | NOTE | |||
r-release-macos-x86_64 | 0.2-7 | 31.00 | NOTE | |||
r-release-windows-x86_64 | 0.2-7 | 7.00 | 66.00 | 73.00 | NOTE | |
r-oldrel-macos-arm64 | 0.2-7 | 34.00 | NOTE | |||
r-oldrel-macos-x86_64 | 0.2-7 | 39.00 | NOTE | |||
r-oldrel-windows-ix86+x86_64 | 0.2-7 | 9.00 | 43.00 | 52.00 | NOTE |
Version: 0.2-7
Check: package dependencies
Result: NOTE
Package suggested but not available for checking: 'openNLPmodels.en'
Flavors: r-devel-linux-x86_64-debian-clang, r-devel-linux-x86_64-debian-gcc, r-devel-linux-x86_64-fedora-clang, r-devel-linux-x86_64-fedora-gcc, r-devel-windows-x86_64, r-patched-linux-x86_64, r-release-linux-x86_64, r-release-macos-arm64, r-release-macos-x86_64, r-release-windows-x86_64, r-oldrel-macos-arm64, r-oldrel-macos-x86_64, r-oldrel-windows-ix86+x86_64