Last updated on 2022-08-15 08:50:02 CEST.
Flavor | Version | Tinstall | Tcheck | Ttotal | Status | Flags |
---|---|---|---|---|---|---|
r-devel-linux-x86_64-debian-clang | 1.0.14 | 9.34 | 134.11 | 143.45 | OK | |
r-devel-linux-x86_64-debian-gcc | 1.0.14 | 7.57 | 98.41 | 105.98 | OK | |
r-devel-linux-x86_64-fedora-clang | 1.0.14 | 178.03 | OK | |||
r-devel-linux-x86_64-fedora-gcc | 1.0.14 | 178.37 | OK | |||
r-devel-windows-x86_64 | 1.0.14 | 17.00 | 140.00 | 157.00 | OK | |
r-patched-linux-x86_64 | 1.0.14 | 9.72 | 129.43 | 139.15 | OK | |
r-release-linux-x86_64 | 1.0.14 | 6.77 | 127.21 | 133.98 | OK | |
r-release-macos-arm64 | 1.0.14 | 46.00 | NOTE | |||
r-release-macos-x86_64 | 1.0.14 | 68.00 | NOTE | |||
r-release-windows-x86_64 | 1.0.14 | 16.00 | 142.00 | 158.00 | OK | |
r-oldrel-macos-arm64 | 1.0.14 | 47.00 | NOTE | |||
r-oldrel-macos-x86_64 | 1.0.14 | 60.00 | NOTE | |||
r-oldrel-windows-ix86+x86_64 | 1.0.14 | 22.00 | 145.00 | 167.00 | OK |
Version: 1.0.14
Check: package dependencies
Result: NOTE
Package suggested but not available for checking: ‘nbc4va’
Flavors: r-release-macos-arm64, r-release-macos-x86_64, r-oldrel-macos-arm64, r-oldrel-macos-x86_64