Last updated on 2022-08-15 08:50:02 CEST.
Flavor | Version | Tinstall | Tcheck | Ttotal | Status | Flags |
---|---|---|---|---|---|---|
r-devel-linux-x86_64-debian-clang | 2.0.2 | 14.14 | 64.81 | 78.95 | OK | |
r-devel-linux-x86_64-debian-gcc | 2.0.2 | 10.37 | 56.91 | 67.28 | OK | |
r-devel-linux-x86_64-fedora-clang | 2.0.2 | 93.67 | OK | |||
r-devel-linux-x86_64-fedora-gcc | 2.0.2 | 88.46 | OK | |||
r-devel-windows-x86_64 | 2.0.2 | 107.00 | 118.00 | 225.00 | NOTE | |
r-patched-linux-x86_64 | 2.0.2 | 12.89 | 65.68 | 78.57 | OK | |
r-release-linux-x86_64 | 2.0.2 | 10.91 | 65.02 | 75.93 | OK | |
r-release-macos-arm64 | 2.0.2 | 45.00 | NOTE | |||
r-release-macos-x86_64 | 2.0.2 | 48.00 | NOTE | |||
r-release-windows-x86_64 | 2.0.2 | 153.00 | 120.00 | 273.00 | NOTE | |
r-oldrel-macos-arm64 | 2.0.2 | 49.00 | NOTE | |||
r-oldrel-macos-x86_64 | 2.0.2 | 46.00 | NOTE | |||
r-oldrel-windows-ix86+x86_64 | 2.0.2 | 78.00 | 140.00 | 218.00 | NOTE |
Version: 2.0.2
Check: installed package size
Result: NOTE
installed size is 5.9Mb
sub-directories of 1Mb or more:
doc 2.6Mb
libs 2.8Mb
Flavors: r-devel-windows-x86_64, r-release-macos-arm64, r-release-macos-x86_64, r-release-windows-x86_64, r-oldrel-macos-arm64, r-oldrel-macos-x86_64, r-oldrel-windows-ix86+x86_64