Last updated on 2022-08-15 08:50:02 CEST.
Flavor | Version | Tinstall | Tcheck | Ttotal | Status | Flags |
---|---|---|---|---|---|---|
r-devel-linux-x86_64-debian-clang | 1.8.0 | 15.16 | 157.06 | 172.22 | NOTE | |
r-devel-linux-x86_64-debian-gcc | 1.8.0 | 11.01 | 115.03 | 126.04 | NOTE | |
r-devel-linux-x86_64-fedora-clang | 1.8.0 | 205.27 | NOTE | |||
r-devel-linux-x86_64-fedora-gcc | 1.8.0 | 200.24 | NOTE | |||
r-devel-windows-x86_64 | 1.8.0 | 26.00 | 172.00 | 198.00 | NOTE | |
r-patched-linux-x86_64 | 1.8.0 | 12.75 | 142.24 | 154.99 | OK | |
r-release-linux-x86_64 | 1.8.0 | 11.23 | 146.37 | 157.60 | OK | |
r-release-macos-arm64 | 1.8.0 | 47.00 | OK | |||
r-release-macos-x86_64 | 1.8.0 | 92.00 | OK | |||
r-release-windows-x86_64 | 1.8.0 | 28.00 | 178.00 | 206.00 | OK | |
r-oldrel-macos-arm64 | 1.8.0 | 57.00 | OK | |||
r-oldrel-macos-x86_64 | 1.8.0 | 72.00 | OK | |||
r-oldrel-windows-ix86+x86_64 | 1.8.0 | 30.00 | 170.00 | 200.00 | OK |
Version: 1.8.0
Check: package subdirectories
Result: NOTE
Problems with news in 'NEWS.md':
No news entries found.
Flavors: r-devel-linux-x86_64-debian-clang, r-devel-linux-x86_64-debian-gcc, r-devel-linux-x86_64-fedora-clang, r-devel-linux-x86_64-fedora-gcc, r-devel-windows-x86_64