Last updated on 2022-08-15 08:50:02 CEST.
Flavor | Version | Tinstall | Tcheck | Ttotal | Status | Flags |
---|---|---|---|---|---|---|
r-devel-linux-x86_64-debian-clang | 1.0.3 | 240.53 | 182.00 | 422.53 | WARN | |
r-devel-linux-x86_64-debian-gcc | 1.0.3 | 191.49 | 135.53 | 327.02 | NOTE | |
r-devel-linux-x86_64-fedora-clang | 1.0.3 | 592.46 | WARN | |||
r-devel-linux-x86_64-fedora-gcc | 1.0.3 | 589.81 | NOTE | |||
r-devel-windows-x86_64 | 1.0.3 | 223.00 | 233.00 | 456.00 | NOTE | |
r-patched-linux-x86_64 | 1.0.3 | 209.80 | 164.16 | 373.96 | NOTE | |
r-release-linux-x86_64 | 1.0.3 | 213.51 | 163.61 | 377.12 | NOTE | |
r-release-macos-arm64 | 1.0.3 | 121.00 | NOTE | |||
r-release-macos-x86_64 | 1.0.3 | 193.00 | NOTE | |||
r-release-windows-x86_64 | 1.0.3 | 221.00 | 247.00 | 468.00 | NOTE | |
r-oldrel-macos-arm64 | 1.0.3 | 166.00 | NOTE | |||
r-oldrel-macos-x86_64 | 1.0.3 | 179.00 | NOTE | |||
r-oldrel-windows-ix86+x86_64 | 1.0.3 | 619.00 | 309.00 | 928.00 | NOTE |
Version: 1.0.3
Check: package dependencies
Result: NOTE
Package suggested but not available for checking: 'gurobi'
Flavors: r-devel-linux-x86_64-debian-clang, r-devel-linux-x86_64-debian-gcc, r-devel-linux-x86_64-fedora-clang, r-devel-linux-x86_64-fedora-gcc, r-devel-windows-x86_64, r-patched-linux-x86_64, r-release-linux-x86_64, r-release-macos-x86_64, r-release-windows-x86_64, r-oldrel-windows-ix86+x86_64
Version: 1.0.3
Check: whether package can be installed
Result: WARN
Found the following significant warnings:
functions.cpp:103:13: warning: use of bitwise '&' with boolean operands [-Wbitwise-instead-of-logical]
rcpp_funded_projects.cpp:18:13: warning: use of bitwise '&' with boolean operands [-Wbitwise-instead-of-logical]
rcpp_random_solution.cpp:90:11: warning: use of bitwise '|' with boolean operands [-Wbitwise-instead-of-logical]
Flavors: r-devel-linux-x86_64-debian-clang, r-devel-linux-x86_64-fedora-clang
Version: 1.0.3
Check: Rd files
Result: NOTE
checkRd: (-1) problem.Rd:40: Escaped LaTeX specials: \$
checkRd: (-1) problem.Rd:41: Escaped LaTeX specials: \$
checkRd: (-1) problem.Rd:45: Escaped LaTeX specials: \$
Flavors: r-devel-linux-x86_64-debian-clang, r-devel-linux-x86_64-debian-gcc, r-devel-linux-x86_64-fedora-clang, r-devel-linux-x86_64-fedora-gcc, r-devel-windows-x86_64
Version: 1.0.3
Check: package dependencies
Result: NOTE
Packages suggested but not available for checking:
'gurobi', 'ggtree', 'lpsymphony'
Flavors: r-release-macos-arm64, r-oldrel-macos-x86_64
Version: 1.0.3
Check: installed package size
Result: NOTE
installed size is 8.3Mb
sub-directories of 1Mb or more:
libs 6.7Mb
Flavors: r-release-macos-arm64, r-release-macos-x86_64, r-oldrel-macos-arm64, r-oldrel-macos-x86_64
Version: 1.0.3
Check: Rd cross-references
Result: NOTE
Package unavailable to check Rd xrefs: ‘ggtree’
Flavors: r-release-macos-arm64, r-oldrel-macos-arm64, r-oldrel-macos-x86_64
Version: 1.0.3
Check: package dependencies
Result: NOTE
Packages suggested but not available for checking:
'gurobi', 'ggtree', 'Rsymphony', 'lpsymphony'
Flavor: r-oldrel-macos-arm64