Last updated on 2022-08-15 08:50:02 CEST.
Flavor | Version | Tinstall | Tcheck | Ttotal | Status | Flags |
---|---|---|---|---|---|---|
r-devel-linux-x86_64-debian-clang | 1.0.1 | 5.24 | 67.28 | 72.52 | OK | |
r-devel-linux-x86_64-debian-gcc | 1.0.1 | 2.60 | 47.52 | 50.12 | OK | |
r-devel-linux-x86_64-fedora-clang | 1.0.1 | 92.81 | NOTE | |||
r-devel-linux-x86_64-fedora-gcc | 1.0.1 | 95.60 | NOTE | |||
r-devel-windows-x86_64 | 1.0.1 | 40.00 | 95.00 | 135.00 | OK | |
r-patched-linux-x86_64 | 1.0.1 | 5.10 | 61.61 | 66.71 | OK | |
r-release-linux-x86_64 | 1.0.1 | 4.58 | 61.20 | 65.78 | OK | |
r-release-macos-arm64 | 1.0.1 | 24.00 | NOTE | |||
r-release-macos-x86_64 | 1.0.1 | 39.00 | NOTE | |||
r-release-windows-x86_64 | 1.0.1 | 36.00 | 92.00 | 128.00 | OK | |
r-oldrel-macos-arm64 | 1.0.1 | 27.00 | NOTE | |||
r-oldrel-macos-x86_64 | 1.0.1 | 35.00 | NOTE | |||
r-oldrel-windows-ix86+x86_64 | 1.0.1 | 24.00 | 86.00 | 110.00 | OK |
Version: 1.0.1
Check: dependencies in R code
Result: NOTE
Namespaces in Imports field not imported from:
‘DT’ ‘hrbrthemes’ ‘magrittr’ ‘orthopolynom’ ‘plotly’ ‘shinyalert’
‘shinydashboard’ ‘shinyjs’
All declared Imports should be used.
Flavors: r-devel-linux-x86_64-fedora-clang, r-devel-linux-x86_64-fedora-gcc, r-release-macos-arm64, r-release-macos-x86_64, r-oldrel-macos-arm64, r-oldrel-macos-x86_64