Last updated on 2022-08-15 08:50:02 CEST.
Flavor | Version | Tinstall | Tcheck | Ttotal | Status | Flags |
---|---|---|---|---|---|---|
r-devel-linux-x86_64-debian-clang | 2.0.5 | 173.30 | 266.19 | 439.49 | OK | |
r-devel-linux-x86_64-debian-gcc | 2.0.5 | 131.79 | 201.93 | 333.72 | OK | |
r-devel-linux-x86_64-fedora-clang | 2.0.5 | 583.97 | NOTE | |||
r-devel-linux-x86_64-fedora-gcc | 2.0.5 | 582.26 | OK | |||
r-devel-windows-x86_64 | 2.0.5 | 250.00 | 314.00 | 564.00 | OK | |
r-patched-linux-x86_64 | 2.0.5 | 156.42 | 253.52 | 409.94 | OK | |
r-release-linux-x86_64 | 2.0.5 | 140.28 | 255.94 | 396.22 | OK | |
r-release-macos-arm64 | 2.0.5 | 144.00 | NOTE | |||
r-release-macos-x86_64 | 2.0.5 | 229.00 | NOTE | |||
r-release-windows-x86_64 | 2.0.5 | 157.00 | 324.00 | 481.00 | OK | |
r-oldrel-macos-arm64 | 2.0.5 | 180.00 | NOTE | |||
r-oldrel-macos-x86_64 | 2.0.5 | 292.00 | NOTE | |||
r-oldrel-windows-ix86+x86_64 | 2.0.5 | 426.00 | 402.00 | 828.00 | NOTE |
Version: 2.0.5
Check: Rd cross-references
Result: NOTE
Undeclared packages ‘alabama’, ‘cccp’, ‘nloptr’ in Rd xrefs
Flavor: r-devel-linux-x86_64-fedora-clang
Version: 2.0.5
Check: installed package size
Result: NOTE
installed size is 6.2Mb
sub-directories of 1Mb or more:
extdata 1.8Mb
libs 3.4Mb
Flavors: r-release-macos-arm64, r-release-macos-x86_64, r-oldrel-macos-arm64, r-oldrel-macos-x86_64, r-oldrel-windows-ix86+x86_64