Last updated on 2022-08-15 08:50:02 CEST.
Flavor | Version | Tinstall | Tcheck | Ttotal | Status | Flags |
---|---|---|---|---|---|---|
r-devel-linux-x86_64-debian-clang | 1.0 | 10.88 | 98.71 | 109.59 | OK | |
r-devel-linux-x86_64-debian-gcc | 1.0 | 8.94 | 75.02 | 83.96 | OK | |
r-devel-linux-x86_64-fedora-clang | 1.0 | 140.29 | NOTE | |||
r-devel-linux-x86_64-fedora-gcc | 1.0 | 138.40 | NOTE | |||
r-devel-windows-x86_64 | 1.0 | 30.00 | 112.00 | 142.00 | OK | |
r-patched-linux-x86_64 | 1.0 | 10.32 | 94.97 | 105.29 | OK | |
r-release-linux-x86_64 | 1.0 | 8.21 | 94.88 | 103.09 | OK | |
r-release-macos-arm64 | 1.0 | 44.00 | NOTE | |||
r-release-macos-x86_64 | 1.0 | 73.00 | NOTE | |||
r-release-windows-x86_64 | 1.0 | 29.00 | 116.00 | 145.00 | OK | |
r-oldrel-macos-arm64 | 1.0 | 54.00 | NOTE | |||
r-oldrel-macos-x86_64 | 1.0 | 55.00 | NOTE | |||
r-oldrel-windows-ix86+x86_64 | 1.0 | 23.00 | 117.00 | 140.00 | OK |
Version: 1.0
Check: dependencies in R code
Result: NOTE
Namespace in Imports field not imported from: ‘Matrix’
All declared Imports should be used.
Flavors: r-devel-linux-x86_64-fedora-clang, r-devel-linux-x86_64-fedora-gcc, r-release-macos-arm64, r-release-macos-x86_64, r-oldrel-macos-arm64, r-oldrel-macos-x86_64