Last updated on 2022-08-15 08:50:02 CEST.
Flavor | Version | Tinstall | Tcheck | Ttotal | Status | Flags |
---|---|---|---|---|---|---|
r-devel-linux-x86_64-debian-clang | 3.0-3 | 12.15 | 103.50 | 115.65 | OK | |
r-devel-linux-x86_64-debian-gcc | 3.0-3 | 10.38 | 78.97 | 89.35 | OK | |
r-devel-linux-x86_64-fedora-clang | 3.0-3 | 151.13 | NOTE | |||
r-devel-linux-x86_64-fedora-gcc | 3.0-3 | 148.03 | NOTE | |||
r-devel-windows-x86_64 | 3.0-3 | 31.00 | 132.00 | 163.00 | OK | |
r-patched-linux-x86_64 | 3.0-3 | 15.32 | 100.40 | 115.72 | OK | |
r-release-linux-x86_64 | 3.0-3 | 12.50 | 102.37 | 114.87 | OK | |
r-release-macos-arm64 | 3.0-3 | 51.00 | OK | |||
r-release-macos-x86_64 | 3.0-3 | 60.00 | OK | |||
r-release-windows-x86_64 | 3.0-3 | 46.00 | 139.00 | 185.00 | OK | |
r-oldrel-macos-arm64 | 3.0-3 | 60.00 | OK | |||
r-oldrel-macos-x86_64 | 3.0-3 | 84.00 | OK | |||
r-oldrel-windows-ix86+x86_64 | 3.0-3 | 37.00 | 174.00 | 211.00 | OK |
Version: 3.0-3
Check: Rd cross-references
Result: NOTE
Undeclared package ‘vegan’ in Rd xrefs
Flavor: r-devel-linux-x86_64-fedora-clang
Version: 3.0-3
Check: compiled code
Result: NOTE
File ‘optpart/libs/optpart.so’:
Found no calls to: ‘R_registerRoutines’, ‘R_useDynamicSymbols’
It is good practice to register native routines and to disable symbol
search.
See ‘Writing portable packages’ in the ‘Writing R Extensions’ manual.
Flavors: r-devel-linux-x86_64-fedora-clang, r-devel-linux-x86_64-fedora-gcc