Last updated on 2022-08-15 08:50:02 CEST.
Flavor | Version | Tinstall | Tcheck | Ttotal | Status | Flags |
---|---|---|---|---|---|---|
r-devel-linux-x86_64-debian-clang | 1.0.0 | 8.61 | 85.55 | 94.16 | NOTE | |
r-devel-linux-x86_64-debian-gcc | 1.0.0 | 8.30 | 65.85 | 74.15 | NOTE | |
r-devel-linux-x86_64-fedora-clang | 1.0.0 | 128.44 | NOTE | |||
r-devel-linux-x86_64-fedora-gcc | 1.0.0 | 127.26 | NOTE | |||
r-devel-windows-x86_64 | 1.0.0 | 26.00 | 101.00 | 127.00 | OK | |
r-patched-linux-x86_64 | 1.0.0 | 15.75 | 85.21 | 100.96 | NOTE | |
r-release-linux-x86_64 | 1.0.0 | 12.87 | 86.03 | 98.90 | NOTE | |
r-release-macos-arm64 | 1.0.0 | 40.00 | OK | |||
r-release-macos-x86_64 | 1.0.0 | 64.00 | OK | |||
r-release-windows-x86_64 | 1.0.0 | 26.00 | 102.00 | 128.00 | OK | |
r-oldrel-macos-arm64 | 1.0.0 | 62.00 | OK | |||
r-oldrel-macos-x86_64 | 1.0.0 | 85.00 | OK | |||
r-oldrel-windows-ix86+x86_64 | 1.0.0 | 23.00 | 98.00 | 121.00 | OK |
Version: 1.0.0
Check: for non-standard things in the check directory
Result: NOTE
Found the following files/directories:
'Graph_layout_Doptrcd_trtE'
Flavors: r-devel-linux-x86_64-debian-clang, r-devel-linux-x86_64-debian-gcc, r-devel-linux-x86_64-fedora-clang, r-devel-linux-x86_64-fedora-gcc, r-patched-linux-x86_64, r-release-linux-x86_64