Last updated on 2022-08-15 08:50:03 CEST.
Flavor | Version | Tinstall | Tcheck | Ttotal | Status | Flags |
---|---|---|---|---|---|---|
r-devel-linux-x86_64-debian-clang | 0.2.1 | 30.40 | 293.74 | 324.14 | OK | |
r-devel-linux-x86_64-debian-gcc | 0.2.1 | 24.96 | 211.91 | 236.87 | OK | |
r-devel-linux-x86_64-fedora-clang | 0.2.1 | 392.43 | NOTE | |||
r-devel-linux-x86_64-fedora-gcc | 0.2.1 | 420.86 | NOTE | |||
r-devel-windows-x86_64 | 0.2.1 | 140.00 | 307.00 | 447.00 | OK | |
r-patched-linux-x86_64 | 0.2.1 | 25.55 | 273.13 | 298.68 | OK | |
r-release-linux-x86_64 | 0.2.1 | 24.94 | 274.49 | 299.43 | OK | |
r-release-macos-arm64 | 0.2.1 | 112.00 | NOTE | |||
r-release-macos-x86_64 | 0.2.1 | 182.00 | NOTE | |||
r-release-windows-x86_64 | 0.2.1 | 132.00 | 305.00 | 437.00 | OK | |
r-oldrel-macos-arm64 | 0.2.1 | 113.00 | NOTE | |||
r-oldrel-macos-x86_64 | 0.2.1 | 141.00 | NOTE | |||
r-oldrel-windows-ix86+x86_64 | 0.2.1 | 66.00 | 323.00 | 389.00 | OK |
Version: 0.2.1
Check: data for non-ASCII characters
Result: NOTE
Note: found 36 marked UTF-8 strings
Flavors: r-devel-linux-x86_64-fedora-clang, r-devel-linux-x86_64-fedora-gcc, r-release-macos-arm64, r-release-macos-x86_64, r-oldrel-macos-arm64, r-oldrel-macos-x86_64