Last updated on 2022-08-15 08:50:03 CEST.
Flavor | Version | Tinstall | Tcheck | Ttotal | Status | Flags |
---|---|---|---|---|---|---|
r-devel-linux-x86_64-debian-clang | 0.1.1 | 47.42 | 434.49 | 481.91 | OK | |
r-devel-linux-x86_64-debian-gcc | 0.1.1 | 40.58 | 317.43 | 358.01 | OK | |
r-devel-linux-x86_64-fedora-clang | 0.1.1 | 583.69 | NOTE | |||
r-devel-linux-x86_64-fedora-gcc | 0.1.1 | 571.83 | NOTE | |||
r-devel-windows-x86_64 | 0.1.1 | 60.00 | 1107.00 | 1167.00 | OK | |
r-patched-linux-x86_64 | 0.1.1 | 43.22 | 409.63 | 452.85 | OK | |
r-release-linux-x86_64 | 0.1.1 | 40.30 | 404.60 | 444.90 | OK | |
r-release-macos-arm64 | 0.1.1 | 255.00 | NOTE | |||
r-release-macos-x86_64 | 0.1.1 | 307.00 | NOTE | |||
r-release-windows-x86_64 | 0.1.1 | 66.00 | 1105.00 | 1171.00 | OK | |
r-oldrel-macos-arm64 | 0.1.1 | 219.00 | NOTE | |||
r-oldrel-macos-x86_64 | 0.1.1 | 313.00 | NOTE | |||
r-oldrel-windows-ix86+x86_64 | 0.1.1 | 98.00 | 643.00 | 741.00 | OK |
Version: 0.1.1
Check: dependencies in R code
Result: NOTE
Namespace in Imports field not imported from: ‘devtools’
All declared Imports should be used.
Flavors: r-devel-linux-x86_64-fedora-clang, r-devel-linux-x86_64-fedora-gcc, r-release-macos-arm64, r-release-macos-x86_64, r-oldrel-macos-arm64, r-oldrel-macos-x86_64