Last updated on 2022-08-15 08:50:03 CEST.
Flavor | Version | Tinstall | Tcheck | Ttotal | Status | Flags |
---|---|---|---|---|---|---|
r-devel-linux-x86_64-debian-clang | 1.0.7 | 13.02 | 115.95 | 128.97 | OK | |
r-devel-linux-x86_64-debian-gcc | 1.0.7 | 9.67 | 87.97 | 97.64 | OK | |
r-devel-linux-x86_64-fedora-clang | 1.0.7 | 161.74 | NOTE | |||
r-devel-linux-x86_64-fedora-gcc | 1.0.7 | 161.05 | OK | |||
r-devel-windows-x86_64 | 1.0.7 | 27.00 | 97.00 | 124.00 | OK | --no-vignettes |
r-patched-linux-x86_64 | 1.0.7 | 12.60 | 112.52 | 125.12 | OK | |
r-release-linux-x86_64 | 1.0.7 | 9.86 | 111.89 | 121.75 | OK | |
r-release-macos-arm64 | 1.0.7 | 48.00 | OK | |||
r-release-macos-x86_64 | 1.0.7 | 82.00 | OK | |||
r-release-windows-x86_64 | 1.0.7 | 55.00 | 87.00 | 142.00 | OK | --no-vignettes |
r-oldrel-macos-arm64 | 1.0.7 | 47.00 | OK | |||
r-oldrel-macos-x86_64 | 1.0.7 | 76.00 | OK | |||
r-oldrel-windows-ix86+x86_64 | 1.0.7 | 25.00 | 135.00 | 160.00 | OK | --no-vignettes |
Version: 1.0.7
Check: Rd cross-references
Result: NOTE
Undeclared package ‘VGAM’ in Rd xrefs
Flavor: r-devel-linux-x86_64-fedora-clang