Last updated on 2022-08-15 08:50:03 CEST.
Flavor | Version | Tinstall | Tcheck | Ttotal | Status | Flags |
---|---|---|---|---|---|---|
r-devel-linux-x86_64-debian-clang | 1.0 | 5.41 | 42.21 | 47.62 | OK | |
r-devel-linux-x86_64-debian-gcc | 1.0 | 3.77 | 32.24 | 36.01 | OK | |
r-devel-linux-x86_64-fedora-clang | 1.0 | 66.91 | NOTE | |||
r-devel-linux-x86_64-fedora-gcc | 1.0 | 65.48 | NOTE | |||
r-devel-windows-x86_64 | 1.0 | 14.00 | 65.00 | 79.00 | OK | |
r-patched-linux-x86_64 | 1.0 | 4.38 | 39.87 | 44.25 | OK | |
r-release-linux-x86_64 | 1.0 | 3.94 | 39.52 | 43.46 | OK | |
r-release-macos-arm64 | 1.0 | 23.00 | NOTE | |||
r-release-macos-x86_64 | 1.0 | 40.00 | NOTE | |||
r-release-windows-x86_64 | 1.0 | 14.00 | 68.00 | 82.00 | OK | |
r-oldrel-macos-arm64 | 1.0 | 27.00 | NOTE | |||
r-oldrel-macos-x86_64 | 1.0 | 37.00 | NOTE | |||
r-oldrel-windows-ix86+x86_64 | 1.0 | 14.00 | 60.00 | 74.00 | OK |
Version: 1.0
Check: dependencies in R code
Result: NOTE
Namespaces in Imports field not imported from:
‘ggplot2’ ‘gridExtra’ ‘scales’ ‘tools’
All declared Imports should be used.
Flavors: r-devel-linux-x86_64-fedora-clang, r-devel-linux-x86_64-fedora-gcc, r-release-macos-arm64, r-release-macos-x86_64, r-oldrel-macos-arm64, r-oldrel-macos-x86_64