Last updated on 2022-08-15 08:50:03 CEST.
Flavor | Version | Tinstall | Tcheck | Ttotal | Status | Flags |
---|---|---|---|---|---|---|
r-devel-linux-x86_64-debian-clang | 4.10 | 5.49 | 45.49 | 50.98 | OK | |
r-devel-linux-x86_64-debian-gcc | 4.10 | 4.02 | 34.91 | 38.93 | OK | |
r-devel-linux-x86_64-fedora-clang | 4.10 | 71.86 | NOTE | |||
r-devel-linux-x86_64-fedora-gcc | 4.10 | 66.50 | NOTE | |||
r-devel-windows-x86_64 | 4.10 | 24.00 | 86.00 | 110.00 | OK | |
r-patched-linux-x86_64 | 4.10 | 5.46 | 41.62 | 47.08 | OK | |
r-release-linux-x86_64 | 4.10 | 4.92 | 41.67 | 46.59 | OK | |
r-release-macos-arm64 | 4.10 | 25.00 | NOTE | |||
r-release-macos-x86_64 | 4.10 | 33.00 | NOTE | |||
r-release-windows-x86_64 | 4.10 | 24.00 | 73.00 | 97.00 | OK | |
r-oldrel-macos-arm64 | 4.10 | 33.00 | NOTE | |||
r-oldrel-macos-x86_64 | 4.10 | 47.00 | NOTE | |||
r-oldrel-windows-ix86+x86_64 | 4.10 | 12.00 | 62.00 | 74.00 | OK |
Version: 4.10
Check: dependencies in R code
Result: NOTE
Namespaces in Imports field not imported from:
‘knitr’ ‘rmarkdown’
All declared Imports should be used.
Flavors: r-devel-linux-x86_64-fedora-clang, r-devel-linux-x86_64-fedora-gcc, r-release-macos-arm64, r-release-macos-x86_64, r-oldrel-macos-arm64, r-oldrel-macos-x86_64
Version: 4.10
Check: Rd cross-references
Result: NOTE
Undeclared package ‘orloca.es’ in Rd xrefs
Flavor: r-devel-linux-x86_64-fedora-clang