Last updated on 2022-08-15 08:50:03 CEST.
Flavor | Version | Tinstall | Tcheck | Ttotal | Status | Flags |
---|---|---|---|---|---|---|
r-devel-linux-x86_64-debian-clang | 0.6.5 | 298.17 | 117.09 | 415.26 | OK | |
r-devel-linux-x86_64-debian-gcc | 0.6.5 | 218.34 | 88.38 | 306.72 | OK | |
r-devel-linux-x86_64-fedora-clang | 0.6.5 | 569.26 | OK | |||
r-devel-linux-x86_64-fedora-gcc | 0.6.5 | 518.39 | OK | |||
r-devel-windows-x86_64 | 0.6.5 | 195.00 | 146.00 | 341.00 | OK | |
r-patched-linux-x86_64 | 0.6.5 | 233.78 | 124.64 | 358.42 | OK | |
r-release-linux-x86_64 | 0.6.5 | 230.23 | 123.28 | 353.51 | OK | |
r-release-macos-arm64 | 0.6.5 | 157.00 | NOTE | |||
r-release-macos-x86_64 | 0.6.5 | 220.00 | NOTE | |||
r-release-windows-x86_64 | 0.6.5 | 205.00 | 157.00 | 362.00 | OK | |
r-oldrel-macos-arm64 | 0.6.5 | 132.00 | NOTE | |||
r-oldrel-macos-x86_64 | 0.6.5 | 170.00 | NOTE | |||
r-oldrel-windows-ix86+x86_64 | 0.6.5 | 641.00 | 209.00 | 850.00 | OK |
Version: 0.6.5
Check: installed package size
Result: NOTE
installed size is 9.9Mb
sub-directories of 1Mb or more:
libs 9.6Mb
Flavors: r-release-macos-arm64, r-release-macos-x86_64, r-oldrel-macos-arm64, r-oldrel-macos-x86_64