Last updated on 2022-08-15 08:50:03 CEST.
Flavor | Version | Tinstall | Tcheck | Ttotal | Status | Flags |
---|---|---|---|---|---|---|
r-devel-linux-x86_64-debian-clang | 1.0-6 | 3.94 | 49.56 | 53.50 | NOTE | |
r-devel-linux-x86_64-debian-gcc | 1.0-6 | 3.91 | 37.37 | 41.28 | NOTE | |
r-devel-linux-x86_64-fedora-clang | 1.0-6 | 77.72 | NOTE | |||
r-devel-linux-x86_64-fedora-gcc | 1.0-6 | 81.77 | NOTE | |||
r-devel-windows-x86_64 | 1.0-6 | 107.00 | 82.00 | 189.00 | OK | |
r-patched-linux-x86_64 | 1.0-6 | 7.07 | 45.02 | 52.09 | OK | |
r-release-linux-x86_64 | 1.0-6 | 4.74 | 45.24 | 49.98 | OK | |
r-release-macos-arm64 | 1.0-6 | 22.00 | OK | |||
r-release-macos-x86_64 | 1.0-6 | 38.00 | OK | |||
r-release-windows-x86_64 | 1.0-6 | 154.00 | 78.00 | 232.00 | OK | |
r-oldrel-macos-arm64 | 1.0-6 | 22.00 | OK | |||
r-oldrel-macos-x86_64 | 1.0-6 | 30.00 | OK | |||
r-oldrel-windows-ix86+x86_64 | 1.0-6 | 10.00 | 70.00 | 80.00 | OK |
Version: 1.0-6
Check: HTML version of manual
Result: NOTE
Found the following math rendering problems:
chebyshev.c.inner.products.Rd:18-22: Unknown column alignment: * in ...{\begin{array}{*{20}c}
{4\,\...
chebyshev.t.inner.products.Rd:18-23: Unknown column alignment: * in ...{\begin{array}{*{20}c}
{\fra...
gegenbauer.inner.products.Rd:19-25: Unknown column alignment: * in ...{\begin{array}{*{20}c}
{\fra...
schebyshev.t.inner.products.Rd:18-23: Unknown column alignment: * in ...{\begin{array}{*{20}c}
{\fra...
Flavors: r-devel-linux-x86_64-debian-clang, r-devel-linux-x86_64-debian-gcc, r-devel-linux-x86_64-fedora-clang, r-devel-linux-x86_64-fedora-gcc