Last updated on 2022-08-15 08:50:03 CEST.
Flavor | Version | Tinstall | Tcheck | Ttotal | Status | Flags |
---|---|---|---|---|---|---|
r-devel-linux-x86_64-debian-clang | 0.1.3 | 3.21 | 24.48 | 27.69 | NOTE | |
r-devel-linux-x86_64-debian-gcc | 0.1.3 | 2.74 | 19.31 | 22.05 | NOTE | |
r-devel-linux-x86_64-fedora-clang | 0.1.3 | 45.78 | NOTE | |||
r-devel-linux-x86_64-fedora-gcc | 0.1.3 | 47.01 | NOTE | |||
r-devel-windows-x86_64 | 0.1.3 | 23.00 | 53.00 | 76.00 | NOTE | |
r-patched-linux-x86_64 | 0.1.3 | 3.18 | 23.80 | 26.98 | OK | |
r-release-linux-x86_64 | 0.1.3 | 3.01 | 23.68 | 26.69 | OK | |
r-release-macos-arm64 | 0.1.3 | 17.00 | OK | |||
r-release-macos-x86_64 | 0.1.3 | 24.00 | OK | |||
r-release-windows-x86_64 | 0.1.3 | 26.00 | 50.00 | 76.00 | OK | |
r-oldrel-macos-arm64 | 0.1.3 | 15.00 | OK | |||
r-oldrel-macos-x86_64 | 0.1.3 | 23.00 | OK | |||
r-oldrel-windows-ix86+x86_64 | 0.1.3 | 15.00 | 51.00 | 66.00 | OK |
Version: 0.1.3
Check: package subdirectories
Result: NOTE
Problems with news in 'NEWS.md':
Cannot extract version info from the following section titles:
development version
Flavors: r-devel-linux-x86_64-debian-clang, r-devel-linux-x86_64-debian-gcc, r-devel-linux-x86_64-fedora-clang, r-devel-linux-x86_64-fedora-gcc, r-devel-windows-x86_64
Version: 0.1.3
Check: HTML version of manual
Result: NOTE
Found the following HTML validation problems:
macos_keychain.html:220:35: Warning: inserting implicit <p>
macos_keychain.html:225:88: Warning: inserting implicit <p>
macos_keychain.html:234:79: Warning: inserting implicit <p>
macos_keychain.html:240:109: Warning: inserting implicit <p>
macos_keychain.html:250:95: Warning: inserting implicit <p>
macos_keychain.html:265:62: Warning: inserting implicit <p>
macos_keychain.html:445:104: Warning: inserting implicit <p>
macos_keychain.html:462:98: Warning: inserting implicit <p>
macos_keychain.html:474:58: Warning: inserting implicit <p>
macos_keychain.html:220:35: Warning: trimming empty <p>
macos_keychain.html:225:88: Warning: trimming empty <p>
macos_keychain.html:234:79: Warning: trimming empty <p>
macos_keychain.html:240:109: Warning: trimming empty <p>
macos_keychain.html:250:95: Warning: trimming empty <p>
macos_keychain.html:265:62: Warning: trimming empty <p>
macos_keychain.html:445:104: Warning: trimming empty <p>
macos_keychain.html:462:98: Warning: trimming empty <p>
macos_keychain.html:474:58: Warning: trimming empty <p>
windows_credentials.html:172:33: Warning: inserting implicit <p>
windows_credentials.html:183:62: Warning: inserting implicit <p>
windows_credentials.html:196:69: Warning: inserting implicit <p>
windows_credentials.html:204:102: Warning: inserting implicit <p>
windows_credentials.html:212:71: Warning: inserting implicit <p>
windows_credentials.html:220:50: Warning: inserting implicit <p>
windows_credentials.html:172:33: Warning: trimming empty <p>
windows_credentials.html:183:62: Warning: trimming empty <p>
windows_credentials.html:196:69: Warning: trimming empty <p>
windows_credentials.html:204:102: Warning: trimming empty <p>
windows_credentials.html:212:71: Warning: trimming empty <p>
windows_credentials.html:220:50: Warning: trimming empty <p>
Flavors: r-devel-linux-x86_64-debian-clang, r-devel-linux-x86_64-debian-gcc, r-devel-linux-x86_64-fedora-clang, r-devel-linux-x86_64-fedora-gcc