Last updated on 2022-08-15 08:50:03 CEST.
Flavor | Version | Tinstall | Tcheck | Ttotal | Status | Flags |
---|---|---|---|---|---|---|
r-devel-linux-x86_64-debian-clang | 0.1.0 | 2.13 | 22.19 | 24.32 | OK | |
r-devel-linux-x86_64-debian-gcc | 0.1.0 | 1.62 | 16.75 | 18.37 | OK | |
r-devel-linux-x86_64-fedora-clang | 0.1.0 | 41.30 | NOTE | |||
r-devel-linux-x86_64-fedora-gcc | 0.1.0 | 43.04 | NOTE | |||
r-devel-windows-x86_64 | 0.1.0 | 8.00 | 45.00 | 53.00 | NOTE | |
r-patched-linux-x86_64 | 0.1.0 | 1.77 | 20.79 | 22.56 | OK | |
r-release-linux-x86_64 | 0.1.0 | 2.00 | 21.25 | 23.25 | OK | |
r-release-macos-arm64 | 0.1.0 | 16.00 | NOTE | |||
r-release-macos-x86_64 | 0.1.0 | 19.00 | NOTE | |||
r-release-windows-x86_64 | 0.1.0 | 13.00 | 49.00 | 62.00 | NOTE | |
r-oldrel-macos-arm64 | 0.1.0 | 20.00 | NOTE | |||
r-oldrel-macos-x86_64 | 0.1.0 | 25.00 | NOTE | |||
r-oldrel-windows-ix86+x86_64 | 0.1.0 | 5.00 | 37.00 | 42.00 | NOTE |
Version: 0.1.0
Check: package dependencies
Result: NOTE
Package suggested but not available for checking: ‘Rcplex’
Flavors: r-devel-linux-x86_64-fedora-clang, r-devel-linux-x86_64-fedora-gcc, r-devel-windows-x86_64, r-release-macos-arm64, r-release-macos-x86_64, r-release-windows-x86_64, r-oldrel-macos-arm64, r-oldrel-macos-x86_64, r-oldrel-windows-ix86+x86_64