Last updated on 2022-08-15 08:50:03 CEST.
Flavor | Version | Tinstall | Tcheck | Ttotal | Status | Flags |
---|---|---|---|---|---|---|
r-devel-linux-x86_64-debian-clang | 1.0.1.1 | 4.33 | 37.43 | 41.76 | NOTE | |
r-devel-linux-x86_64-debian-gcc | 1.0.1.1 | 3.59 | 28.47 | 32.06 | NOTE | |
r-devel-linux-x86_64-fedora-clang | 1.0.1.1 | 60.96 | NOTE | |||
r-devel-linux-x86_64-fedora-gcc | 1.0.1.1 | 59.39 | NOTE | |||
r-devel-windows-x86_64 | 1.0.1.1 | 8.00 | 66.00 | 74.00 | NOTE | |
r-patched-linux-x86_64 | 1.0.1.1 | 3.56 | 35.49 | 39.05 | NOTE | |
r-release-linux-x86_64 | 1.0.1.1 | 3.99 | 36.35 | 40.34 | NOTE | |
r-release-macos-arm64 | 1.0.1.1 | 19.00 | NOTE | |||
r-release-macos-x86_64 | 1.0.1.1 | 35.00 | NOTE | |||
r-release-windows-x86_64 | 1.0.1.1 | 8.00 | 68.00 | 76.00 | NOTE | |
r-oldrel-macos-arm64 | 1.0.1.1 | 21.00 | NOTE | |||
r-oldrel-macos-x86_64 | 1.0.1.1 | 30.00 | NOTE | |||
r-oldrel-windows-ix86+x86_64 | 1.0.1.1 | 13.00 | 53.00 | 66.00 | NOTE |
Version: 1.0.1.1
Check: LazyData
Result: NOTE
'LazyData' is specified without a 'data' directory
Flavors: r-devel-linux-x86_64-debian-clang, r-devel-linux-x86_64-debian-gcc, r-devel-linux-x86_64-fedora-clang, r-devel-linux-x86_64-fedora-gcc, r-devel-windows-x86_64, r-patched-linux-x86_64, r-release-linux-x86_64, r-release-macos-arm64, r-release-macos-x86_64, r-release-windows-x86_64, r-oldrel-macos-arm64, r-oldrel-macos-x86_64, r-oldrel-windows-ix86+x86_64