Last updated on 2022-08-15 08:50:04 CEST.
Flavor | Version | Tinstall | Tcheck | Ttotal | Status | Flags |
---|---|---|---|---|---|---|
r-devel-linux-x86_64-debian-clang | 0.1.1 | 23.94 | 52.80 | 76.74 | NOTE | |
r-devel-linux-x86_64-debian-gcc | 0.1.1 | 23.49 | 39.87 | 63.36 | NOTE | |
r-devel-linux-x86_64-fedora-clang | 0.1.1 | 118.12 | NOTE | |||
r-devel-linux-x86_64-fedora-gcc | 0.1.1 | 110.98 | NOTE | |||
r-devel-windows-x86_64 | 0.1.1 | 30.00 | 98.00 | 128.00 | NOTE | |
r-patched-linux-x86_64 | 0.1.1 | 26.39 | 50.15 | 76.54 | NOTE | |
r-release-linux-x86_64 | 0.1.1 | 25.92 | 50.70 | 76.62 | NOTE | |
r-release-macos-arm64 | 0.1.1 | 34.00 | NOTE | |||
r-release-macos-x86_64 | 0.1.1 | 44.00 | NOTE | |||
r-release-windows-x86_64 | 0.1.1 | 32.00 | 101.00 | 133.00 | NOTE | |
r-oldrel-macos-arm64 | 0.1.1 | 36.00 | NOTE | |||
r-oldrel-macos-x86_64 | 0.1.1 | 51.00 | NOTE | |||
r-oldrel-windows-ix86+x86_64 | 0.1.1 | 74.00 | 122.00 | 196.00 | NOTE |
Version: 0.1.1
Check: LazyData
Result: NOTE
'LazyData' is specified without a 'data' directory
Flavors: r-devel-linux-x86_64-debian-clang, r-devel-linux-x86_64-debian-gcc, r-devel-linux-x86_64-fedora-clang, r-devel-linux-x86_64-fedora-gcc, r-devel-windows-x86_64, r-patched-linux-x86_64, r-release-linux-x86_64, r-release-macos-arm64, r-release-macos-x86_64, r-release-windows-x86_64, r-oldrel-macos-arm64, r-oldrel-macos-x86_64, r-oldrel-windows-ix86+x86_64