Last updated on 2022-08-15 08:50:03 CEST.
Flavor | Version | Tinstall | Tcheck | Ttotal | Status | Flags |
---|---|---|---|---|---|---|
r-devel-linux-x86_64-debian-clang | 1.14.0 | 6.83 | 259.05 | 265.88 | OK | |
r-devel-linux-x86_64-debian-gcc | 1.14.0 | 3.96 | 194.10 | 198.06 | OK | |
r-devel-linux-x86_64-fedora-clang | 1.14.0 | 322.34 | OK | |||
r-devel-linux-x86_64-fedora-gcc | 1.14.0 | 330.60 | OK | |||
r-devel-windows-x86_64 | 1.14.0 | 65.00 | 546.00 | 611.00 | WARN | |
r-patched-linux-x86_64 | 1.14.0 | 6.88 | 241.36 | 248.24 | OK | |
r-release-linux-x86_64 | 1.14.0 | 5.13 | 241.28 | 246.41 | OK | |
r-release-macos-arm64 | 1.14.0 | 202.00 | OK | |||
r-release-macos-x86_64 | 1.14.0 | 313.00 | OK | |||
r-release-windows-x86_64 | 1.14.0 | 64.00 | 527.00 | 591.00 | WARN | |
r-oldrel-macos-arm64 | 1.14.0 | 212.00 | OK | |||
r-oldrel-macos-x86_64 | 1.14.0 | 233.00 | OK | |||
r-oldrel-windows-ix86+x86_64 | 1.14.0 | 17.00 | 385.00 | 402.00 | OK |
Version: 1.14.0
Check: dependencies in R code
Result: NOTE
useraccount - Alias wurde nicht gefunden.
Flavors: r-devel-windows-x86_64, r-release-windows-x86_64
Version: 1.14.0
Check: S3 generic/method consistency
Result: WARN
useraccount - Alias wurde nicht gefunden.
See section 'Generic functions and methods' in the 'Writing R
Extensions' manual.
Flavors: r-devel-windows-x86_64, r-release-windows-x86_64
Version: 1.14.0
Check: replacement functions
Result: WARN
useraccount - Alias wurde nicht gefunden.
The argument of a replacement function which corresponds to the right
hand side must be named 'value'.
Flavors: r-devel-windows-x86_64, r-release-windows-x86_64
Version: 1.14.0
Check: foreign function calls
Result: NOTE
useraccount - Alias wurde nicht gefunden.
See chapter 'System and foreign language interfaces' in the 'Writing R
Extensions' manual.
Flavors: r-devel-windows-x86_64, r-release-windows-x86_64
Version: 1.14.0
Check: R code for possible problems
Result: NOTE
useraccount - Alias wurde nicht gefunden.
Flavors: r-devel-windows-x86_64, r-release-windows-x86_64
Version: 1.14.0
Check: for missing documentation entries
Result: WARN
useraccount - Alias wurde nicht gefunden.
All user-level objects in a package should have documentation entries.
See chapter 'Writing R documentation files' in the 'Writing R
Extensions' manual.
Flavors: r-devel-windows-x86_64, r-release-windows-x86_64
Version: 1.14.0
Check: for code/documentation mismatches
Result: WARN
useraccount - Alias wurde nicht gefunden.
useraccount - Alias wurde nicht gefunden.
useraccount - Alias wurde nicht gefunden.
Flavors: r-devel-windows-x86_64, r-release-windows-x86_64
Version: 1.14.0
Check: Rd \usage sections
Result: NOTE
useraccount - Alias wurde nicht gefunden.
The \usage entries for S3 methods should use the \method markup and not
their full name.
See chapter 'Writing R documentation files' in the 'Writing R
Extensions' manual.
Flavors: r-devel-windows-x86_64, r-release-windows-x86_64