Last updated on 2022-08-15 08:50:03 CEST.
Flavor | Version | Tinstall | Tcheck | Ttotal | Status | Flags |
---|---|---|---|---|---|---|
r-devel-linux-x86_64-debian-clang | 0.3.4 | 55.51 | 51.74 | 107.25 | NOTE | |
r-devel-linux-x86_64-debian-gcc | 0.3.4 | 39.55 | 40.45 | 80.00 | NOTE | |
r-devel-linux-x86_64-fedora-clang | 0.3.4 | 146.11 | NOTE | |||
r-devel-linux-x86_64-fedora-gcc | 0.3.4 | 135.32 | NOTE | |||
r-devel-windows-x86_64 | 0.3.4 | 60.00 | 102.00 | 162.00 | NOTE | |
r-patched-linux-x86_64 | 0.3.4 | 48.68 | 49.00 | 97.68 | OK | |
r-release-linux-x86_64 | 0.3.4 | 48.52 | 50.23 | 98.75 | OK | |
r-release-macos-arm64 | 0.3.4 | 37.00 | OK | |||
r-release-macos-x86_64 | 0.3.4 | 75.00 | OK | |||
r-release-windows-x86_64 | 0.3.4 | 49.00 | 102.00 | 151.00 | OK | |
r-oldrel-macos-arm64 | 0.3.4 | 53.00 | OK | |||
r-oldrel-macos-x86_64 | 0.3.4 | 61.00 | OK | |||
r-oldrel-windows-ix86+x86_64 | 0.3.4 | 111.00 | 94.00 | 205.00 | OK |
Version: 0.3.4
Check: package subdirectories
Result: NOTE
Problems with news in 'NEWS.md':
No news entries found.
Flavors: r-devel-linux-x86_64-debian-clang, r-devel-linux-x86_64-debian-gcc, r-devel-linux-x86_64-fedora-clang, r-devel-linux-x86_64-fedora-gcc, r-devel-windows-x86_64