Last updated on 2022-08-15 08:50:03 CEST.
Flavor | Version | Tinstall | Tcheck | Ttotal | Status | Flags |
---|---|---|---|---|---|---|
r-devel-linux-x86_64-debian-clang | 0.4.1 | 117.99 | 168.96 | 286.95 | OK | |
r-devel-linux-x86_64-debian-gcc | 0.4.1 | 94.52 | 113.89 | 208.41 | OK | |
r-devel-linux-x86_64-fedora-clang | 0.4.1 | 384.99 | OK | |||
r-devel-linux-x86_64-fedora-gcc | 0.4.1 | 370.22 | OK | |||
r-devel-windows-x86_64 | 0.4.1 | 109.00 | 211.00 | 320.00 | OK | |
r-patched-linux-x86_64 | 0.4.1 | 103.29 | 157.10 | 260.39 | OK | |
r-release-linux-x86_64 | 0.4.1 | 96.18 | 158.85 | 255.03 | OK | |
r-release-macos-arm64 | 0.4.1 | 100.00 | NOTE | |||
r-release-macos-x86_64 | 0.4.1 | 157.00 | NOTE | |||
r-release-windows-x86_64 | 0.4.1 | 123.00 | 211.00 | 334.00 | OK | |
r-oldrel-macos-arm64 | 0.4.1 | 102.00 | NOTE | |||
r-oldrel-macos-x86_64 | 0.4.1 | 129.00 | NOTE | |||
r-oldrel-windows-ix86+x86_64 | 0.4.1 | 284.00 | 368.00 | 652.00 | OK |
Version: 0.4.1
Check: installed package size
Result: NOTE
installed size is 5.8Mb
sub-directories of 1Mb or more:
libs 5.5Mb
Flavors: r-release-macos-arm64, r-release-macos-x86_64, r-oldrel-macos-arm64, r-oldrel-macos-x86_64