Last updated on 2022-08-15 08:50:03 CEST.
Flavor | Version | Tinstall | Tcheck | Ttotal | Status | Flags |
---|---|---|---|---|---|---|
r-devel-linux-x86_64-debian-clang | 1.0.1 | 2.75 | 32.85 | 35.60 | NOTE | |
r-devel-linux-x86_64-debian-gcc | 1.0.1 | 2.06 | 26.24 | 28.30 | NOTE | |
r-devel-linux-x86_64-fedora-clang | 1.0.1 | 55.76 | NOTE | |||
r-devel-linux-x86_64-fedora-gcc | 1.0.1 | 54.59 | NOTE | |||
r-devel-windows-x86_64 | 1.0.1 | 9.00 | 61.00 | 70.00 | NOTE | |
r-patched-linux-x86_64 | 1.0.1 | 3.15 | 32.57 | 35.72 | NOTE | |
r-release-linux-x86_64 | 1.0.1 | 2.76 | 33.07 | 35.83 | NOTE | |
r-release-macos-arm64 | 1.0.1 | 19.00 | NOTE | |||
r-release-macos-x86_64 | 1.0.1 | 27.00 | NOTE | |||
r-release-windows-x86_64 | 1.0.1 | 7.00 | 59.00 | 66.00 | NOTE | |
r-oldrel-macos-arm64 | 1.0.1 | 23.00 | NOTE | |||
r-oldrel-macos-x86_64 | 1.0.1 | 34.00 | NOTE | |||
r-oldrel-windows-ix86+x86_64 | 1.0.1 | 8.00 | 51.00 | 59.00 | NOTE |
Version: 1.0.1
Check: LazyData
Result: NOTE
'LazyData' is specified without a 'data' directory
Flavors: r-devel-linux-x86_64-debian-clang, r-devel-linux-x86_64-debian-gcc, r-devel-linux-x86_64-fedora-clang, r-devel-linux-x86_64-fedora-gcc, r-devel-windows-x86_64, r-patched-linux-x86_64, r-release-linux-x86_64, r-release-macos-arm64, r-release-macos-x86_64, r-release-windows-x86_64, r-oldrel-macos-arm64, r-oldrel-macos-x86_64, r-oldrel-windows-ix86+x86_64
Version: 1.0.1
Check: dependencies in R code
Result: NOTE
Namespace in Imports field not imported from: ‘e1071’
All declared Imports should be used.
Flavors: r-devel-linux-x86_64-fedora-clang, r-devel-linux-x86_64-fedora-gcc, r-release-macos-arm64, r-release-macos-x86_64, r-oldrel-macos-arm64, r-oldrel-macos-x86_64