Last updated on 2022-08-15 08:50:03 CEST.
Flavor | Version | Tinstall | Tcheck | Ttotal | Status | Flags |
---|---|---|---|---|---|---|
r-devel-linux-x86_64-debian-clang | 0.6.0 | 41.60 | 80.20 | 121.80 | NOTE | |
r-devel-linux-x86_64-debian-gcc | 0.6.0 | 33.41 | 59.68 | 93.09 | NOTE | |
r-devel-linux-x86_64-fedora-clang | 0.6.0 | 170.40 | NOTE | |||
r-devel-linux-x86_64-fedora-gcc | 0.6.0 | 153.15 | NOTE | |||
r-devel-windows-x86_64 | 0.6.0 | 56.00 | 126.00 | 182.00 | NOTE | |
r-patched-linux-x86_64 | 0.6.0 | 33.02 | 75.11 | 108.13 | OK | |
r-release-linux-x86_64 | 0.6.0 | 31.25 | 76.68 | 107.93 | OK | |
r-release-macos-arm64 | 0.6.0 | 46.00 | OK | |||
r-release-macos-x86_64 | 0.6.0 | 68.00 | OK | |||
r-release-windows-x86_64 | 0.6.0 | 56.00 | 129.00 | 185.00 | OK | |
r-oldrel-macos-arm64 | 0.6.0 | 48.00 | OK | |||
r-oldrel-macos-x86_64 | 0.6.0 | 63.00 | OK | |||
r-oldrel-windows-ix86+x86_64 | 0.6.0 | 98.00 | 153.00 | 251.00 | NOTE |
Version: 0.6.0
Check: package subdirectories
Result: NOTE
Problems with news in 'NEWS.md':
Cannot extract version info from the following section titles:
pad_int
Flavors: r-devel-linux-x86_64-debian-clang, r-devel-linux-x86_64-debian-gcc, r-devel-linux-x86_64-fedora-clang, r-devel-linux-x86_64-fedora-gcc, r-devel-windows-x86_64
Version: 0.6.0
Check: installed package size
Result: NOTE
installed size is 5.2Mb
sub-directories of 1Mb or more:
data 1.7Mb
doc 1.3Mb
libs 2.0Mb
Flavor: r-oldrel-windows-ix86+x86_64