Last updated on 2022-08-15 08:50:03 CEST.
Flavor | Version | Tinstall | Tcheck | Ttotal | Status | Flags |
---|---|---|---|---|---|---|
r-devel-linux-x86_64-debian-clang | 1.0.10 | 168.64 | 155.98 | 324.62 | OK | |
r-devel-linux-x86_64-debian-gcc | 1.0.10 | 137.43 | 115.74 | 253.17 | OK | |
r-devel-windows-x86_64 | 1.0.10 | 181.00 | 187.00 | 368.00 | OK | |
r-patched-linux-x86_64 | 1.0.10 | 141.40 | 145.64 | 287.04 | OK | |
r-release-linux-x86_64 | 1.0.10 | 147.89 | 144.73 | 292.62 | OK | |
r-release-macos-arm64 | 1.0.10 | 101.00 | NOTE | |||
r-release-macos-x86_64 | 1.0.10 | 155.00 | NOTE | |||
r-release-windows-x86_64 | 1.0.10 | 385.00 | 189.00 | 574.00 | OK | |
r-oldrel-macos-arm64 | 1.0.10 | 83.00 | NOTE | |||
r-oldrel-macos-x86_64 | 1.0.10 | 135.00 | NOTE | |||
r-oldrel-windows-ix86+x86_64 | 1.0.10 | 402.00 | 231.00 | 633.00 | OK |
Version: 1.0.10
Check: package dependencies
Result: NOTE
Packages suggested but not available for checking: 'org.Dr.eg.db', 'scde'
Flavor: r-release-macos-arm64
Version: 1.0.10
Check: installed package size
Result: NOTE
installed size is 7.0Mb
sub-directories of 1Mb or more:
libs 5.2Mb
Flavors: r-release-macos-arm64, r-release-macos-x86_64, r-oldrel-macos-arm64, r-oldrel-macos-x86_64
Version: 1.0.10
Check: package dependencies
Result: NOTE
Package suggested but not available for checking: ‘scde’
Flavor: r-oldrel-macos-arm64