Last updated on 2022-08-15 08:50:03 CEST.
Flavor | Version | Tinstall | Tcheck | Ttotal | Status | Flags |
---|---|---|---|---|---|---|
r-devel-linux-x86_64-debian-clang | 0.3.0 | 6.32 | 41.03 | 47.35 | NOTE | |
r-devel-linux-x86_64-debian-gcc | 0.3.0 | 5.79 | 30.93 | 36.72 | NOTE | |
r-devel-linux-x86_64-fedora-clang | 0.3.0 | 67.68 | NOTE | |||
r-devel-linux-x86_64-fedora-gcc | 0.3.0 | 69.56 | NOTE | |||
r-devel-windows-x86_64 | 0.3.0 | 412.00 | 72.00 | 484.00 | NOTE | |
r-patched-linux-x86_64 | 0.3.0 | 7.44 | 38.26 | 45.70 | OK | |
r-release-linux-x86_64 | 0.3.0 | 5.58 | 37.32 | 42.90 | OK | |
r-release-macos-arm64 | 0.3.0 | 18.00 | OK | |||
r-release-macos-x86_64 | 0.3.0 | 30.00 | OK | |||
r-release-windows-x86_64 | 0.3.0 | 524.00 | 67.00 | 591.00 | NOTE | |
r-oldrel-macos-arm64 | 0.3.0 | 15.00 | OK | |||
r-oldrel-macos-x86_64 | 0.3.0 | 29.00 | OK | |||
r-oldrel-windows-ix86+x86_64 | 0.3.0 | 132.00 | 52.00 | 184.00 | NOTE |
Version: 0.3.0
Check: HTML version of manual
Result: NOTE
Found the following HTML validation problems:
handle_package_not_found.html:49:102: Warning: inserting implicit <p>
handle_package_not_found.html:49:102: Warning: trimming empty <p>
pak_package_sources.html:32:39: Warning: inserting implicit <p>
pak_package_sources.html:55:39: Warning: inserting implicit <p>
pak_package_sources.html:98:61: Warning: inserting implicit <p>
pak_package_sources.html:104:35: Warning: inserting implicit <p>
pak_package_sources.html:32:39: Warning: trimming empty <p>
pak_package_sources.html:55:39: Warning: trimming empty <p>
pak_package_sources.html:98:61: Warning: trimming empty <p>
pak_package_sources.html:104:35: Warning: trimming empty <p>
Flavors: r-devel-linux-x86_64-debian-clang, r-devel-linux-x86_64-debian-gcc, r-devel-linux-x86_64-fedora-clang, r-devel-linux-x86_64-fedora-gcc
Version: 0.3.0
Check: installed package size
Result: NOTE
installed size is 20.6Mb
sub-directories of 1Mb or more:
library 20.1Mb
Flavors: r-devel-windows-x86_64, r-release-windows-x86_64, r-oldrel-windows-ix86+x86_64