Last updated on 2022-08-15 08:50:03 CEST.
Flavor | Version | Tinstall | Tcheck | Ttotal | Status | Flags |
---|---|---|---|---|---|---|
r-devel-linux-x86_64-debian-clang | 0.0.8 | 8.84 | 70.29 | 79.13 | NOTE | |
r-devel-linux-x86_64-debian-gcc | 0.0.8 | 6.69 | 53.48 | 60.17 | NOTE | |
r-devel-linux-x86_64-fedora-clang | 0.0.8 | 104.27 | NOTE | |||
r-devel-linux-x86_64-fedora-gcc | 0.0.8 | 107.37 | NOTE | |||
r-devel-windows-x86_64 | 0.0.8 | 17.00 | 95.00 | 112.00 | NOTE | |
r-patched-linux-x86_64 | 0.0.8 | 8.61 | 66.79 | 75.40 | NOTE | |
r-release-linux-x86_64 | 0.0.8 | 8.82 | 67.06 | 75.88 | NOTE | |
r-release-macos-arm64 | 0.0.8 | 33.00 | NOTE | |||
r-release-macos-x86_64 | 0.0.8 | 44.00 | NOTE | |||
r-release-windows-x86_64 | 0.0.8 | 23.00 | 96.00 | 119.00 | NOTE | |
r-oldrel-macos-arm64 | 0.0.8 | 41.00 | NOTE | |||
r-oldrel-macos-x86_64 | 0.0.8 | 48.00 | NOTE | |||
r-oldrel-windows-ix86+x86_64 | 0.0.8 | 15.00 | 87.00 | 102.00 | NOTE |
Version: 0.0.8
Check: package dependencies
Result: NOTE
Package which this enhances but not available for checking: 'CorShrink'
Flavors: r-devel-linux-x86_64-debian-clang, r-devel-linux-x86_64-debian-gcc, r-devel-linux-x86_64-fedora-clang, r-devel-linux-x86_64-fedora-gcc, r-devel-windows-x86_64, r-patched-linux-x86_64, r-release-linux-x86_64, r-release-macos-x86_64, r-release-windows-x86_64, r-oldrel-macos-x86_64, r-oldrel-windows-ix86+x86_64
Version: 0.0.8
Check: package dependencies
Result: NOTE
Packages which this enhances but not available for checking:
'CorShrink', 'edgeR'
Flavors: r-release-macos-arm64, r-oldrel-macos-arm64