Last updated on 2022-08-15 08:50:03 CEST.
Flavor | Version | Tinstall | Tcheck | Ttotal | Status | Flags |
---|---|---|---|---|---|---|
r-devel-linux-x86_64-debian-clang | 1.0.0 | 3.22 | 105.70 | 108.92 | OK | |
r-devel-linux-x86_64-debian-gcc | 1.0.0 | 3.44 | 76.09 | 79.53 | OK | |
r-devel-linux-x86_64-fedora-clang | 1.0.0 | 138.63 | OK | |||
r-devel-linux-x86_64-fedora-gcc | 1.0.0 | 134.28 | OK | |||
r-devel-windows-x86_64 | 1.0.0 | 28.00 | 140.00 | 168.00 | OK | |
r-patched-linux-x86_64 | 1.0.0 | 3.90 | 96.89 | 100.79 | OK | |
r-release-linux-x86_64 | 1.0.0 | 3.48 | 97.58 | 101.06 | OK | |
r-release-macos-arm64 | 1.0.0 | 37.00 | OK | |||
r-release-macos-x86_64 | 1.0.0 | 48.00 | OK | |||
r-release-windows-x86_64 | 1.0.0 | 35.00 | 137.00 | 172.00 | OK | |
r-oldrel-macos-arm64 | 1.0.0 | 43.00 | OK | |||
r-oldrel-macos-x86_64 | 1.0.0 | 49.00 | OK | |||
r-oldrel-windows-ix86+x86_64 | 1.0.0 | 9.00 | 106.00 | 115.00 | WARN |
Version: 1.0.0
Check: re-building of vignette outputs
Result: WARN
Error(s) in re-building vignettes:
--- re-building 'overview.Rmd' using rmarkdown
Error: processing vignette 'overview.Rmd' failed with diagnostics:
only `math_method = 'mathjax'` is supported with earlier version than Pandoc 2.0
--- failed re-building 'overview.Rmd'
SUMMARY: processing the following file failed:
'overview.Rmd'
Error: Vignette re-building failed.
Execution halted
Flavor: r-oldrel-windows-ix86+x86_64