Last updated on 2022-08-15 08:50:03 CEST.
Flavor | Version | Tinstall | Tcheck | Ttotal | Status | Flags |
---|---|---|---|---|---|---|
r-devel-linux-x86_64-debian-clang | 1.2.4 | 39.47 | 354.21 | 393.68 | NOTE | |
r-devel-linux-x86_64-debian-gcc | 1.2.4 | 29.67 | 257.84 | 287.51 | NOTE | |
r-devel-linux-x86_64-fedora-clang | 1.2.4 | 458.18 | NOTE | |||
r-devel-linux-x86_64-fedora-gcc | 1.2.4 | 456.95 | NOTE | |||
r-devel-windows-x86_64 | 1.2.4 | 62.00 | 375.00 | 437.00 | OK | |
r-patched-linux-x86_64 | 1.2.4 | 31.55 | 333.26 | 364.81 | NOTE | |
r-release-linux-x86_64 | 1.2.4 | 36.19 | 331.39 | 367.58 | NOTE | |
r-release-macos-arm64 | 1.2.4 | 103.00 | OK | |||
r-release-macos-x86_64 | 1.2.4 | 193.00 | OK | |||
r-release-windows-x86_64 | 1.2.4 | 69.00 | 355.00 | 424.00 | OK | |
r-oldrel-macos-arm64 | 1.2.4 | 66.00 | OK | |||
r-oldrel-macos-x86_64 | 1.2.4 | 102.00 | OK | |||
r-oldrel-windows-ix86+x86_64 | 1.2.4 | 74.00 | 363.00 | 437.00 | OK |
Version: 1.2.4
Check: package dependencies
Result: NOTE
Package suggested but not available for checking: 'Imap'
Flavors: r-devel-linux-x86_64-debian-clang, r-devel-linux-x86_64-debian-gcc, r-devel-linux-x86_64-fedora-clang, r-devel-linux-x86_64-fedora-gcc, r-patched-linux-x86_64, r-release-linux-x86_64